Last updated on 2023-03-20 11:53:41 CET.
Flavor | Version | Tinstall | Tcheck | Ttotal | Status | Flags |
---|---|---|---|---|---|---|
r-devel-linux-x86_64-debian-clang | 0.1.1 | OK | ||||
r-devel-linux-x86_64-debian-gcc | 0.1.1 | 14.18 | 119.59 | 133.77 | OK | |
r-devel-linux-x86_64-fedora-clang | 0.1.1 | 212.84 | OK | |||
r-devel-linux-x86_64-fedora-gcc | 0.1.1 | 202.57 | OK | |||
r-devel-windows-x86_64 | 0.1.1 | 42.00 | 167.00 | 209.00 | OK | |
r-patched-linux-x86_64 | 0.1.1 | 11.88 | 145.22 | 157.10 | OK | |
r-release-linux-x86_64 | 0.1.1 | 12.79 | 147.31 | 160.10 | OK | |
r-release-macos-arm64 | 0.1.1 | 63.00 | OK | |||
r-release-macos-x86_64 | 0.1.1 | 83.00 | OK | |||
r-release-windows-x86_64 | 0.1.1 | 43.00 | 175.00 | 218.00 | OK | |
r-oldrel-macos-arm64 | 0.1.1 | 56.00 | OK | |||
r-oldrel-macos-x86_64 | 0.1.1 | 87.00 | OK | |||
r-oldrel-windows-ix86+x86_64 | 0.1.1 | 39.00 | 171.00 | 210.00 | NOTE |
Version: 0.1.1
Check: R code for possible problems
Result: NOTE
Initiating curl with CURL_SSL_BACKEND: openssl
Flavor: r-oldrel-windows-ix86+x86_64