CRAN Package Check Results for Package carat

Last updated on 2021-02-24 19:48:02 CET.

Flavor Version Tinstall Tcheck Ttotal Status Flags
r-devel-linux-x86_64-debian-clang 1.4 84.57 76.58 161.15 OK
r-devel-linux-x86_64-debian-gcc 1.4 64.47 56.09 120.56 OK
r-devel-linux-x86_64-fedora-clang 1.4 217.57 NOTE
r-devel-linux-x86_64-fedora-gcc 1.4 200.67 OK
r-devel-windows-ix86+x86_64 1.4 136.00 118.00 254.00 OK
r-patched-linux-x86_64 1.4 67.62 69.75 137.37 OK
r-patched-solaris-x86 1.4 209.50 OK
r-release-linux-x86_64 1.4 71.32 67.97 139.29 OK
r-release-macos-x86_64 1.4 NOTE
r-release-windows-ix86+x86_64 1.4 180.00 136.00 316.00 OK
r-oldrel-macos-x86_64 1.4 NOTE
r-oldrel-windows-ix86+x86_64 1.4 118.00 106.00 224.00 OK

Check Details

Version: 1.4
Check: installed package size
Result: NOTE
     installed size is 10.2Mb
     sub-directories of 1Mb or more:
     libs 9.8Mb
Flavors: r-devel-linux-x86_64-fedora-clang, r-release-macos-x86_64, r-oldrel-macos-x86_64