Last updated on 2021-03-07 19:48:51 CET.
Flavor | Version | Tinstall | Tcheck | Ttotal | Status | Flags |
---|---|---|---|---|---|---|
r-devel-linux-x86_64-debian-clang | 0.14.0 | 16.05 | 130.35 | 146.40 | OK | |
r-devel-linux-x86_64-debian-gcc | 0.14.0 | 12.27 | 98.20 | 110.47 | OK | |
r-devel-linux-x86_64-fedora-clang | 0.14.0 | 183.10 | NOTE | |||
r-devel-linux-x86_64-fedora-gcc | 0.14.0 | 167.09 | NOTE | |||
r-devel-windows-ix86+x86_64 | 0.14.0 | 31.00 | 150.00 | 181.00 | OK | |
r-devel-windows-x86_64-gcc10-UCRT | 0.14.0 | NOTE | ||||
r-patched-linux-x86_64 | 0.14.0 | 14.40 | 118.35 | 132.75 | OK | |
r-patched-solaris-x86 | 0.14.0 | 234.70 | NOTE | |||
r-release-linux-x86_64 | 0.14.0 | 13.93 | 119.09 | 133.02 | OK | |
r-release-macos-x86_64 | 0.14.0 | NOTE | ||||
r-release-windows-ix86+x86_64 | 0.14.0 | 25.00 | 114.00 | 139.00 | OK | |
r-oldrel-macos-x86_64 | 0.14.0 | NOTE | ||||
r-oldrel-windows-ix86+x86_64 | 0.14.0 | 18.00 | 110.00 | 128.00 | OK |
Version: 0.14.0
Check: data for non-ASCII characters
Result: NOTE
Note: found 59 marked UTF-8 strings
Flavors: r-devel-linux-x86_64-fedora-clang, r-devel-linux-x86_64-fedora-gcc, r-devel-windows-x86_64-gcc10-UCRT, r-patched-solaris-x86, r-release-macos-x86_64, r-oldrel-macos-x86_64