CRAN Package Check Results for Package canvasXpress.data

Last updated on 2021-09-21 07:49:57 CEST.

Flavor Version Tinstall Tcheck Ttotal Status Flags
r-devel-linux-x86_64-debian-clang 1.34.2 4.73 23.64 28.37 OK
r-devel-linux-x86_64-debian-gcc 1.34.2 4.48 19.29 23.77 OK
r-devel-linux-x86_64-fedora-clang 1.34.2 44.49 OK
r-devel-linux-x86_64-fedora-gcc 1.34.2 34.50 OK
r-devel-windows-x86_64 1.34.2 9.00 29.00 38.00 OK
r-devel-windows-x86_64-gcc10-UCRT 1.34.2 ERROR
r-patched-linux-x86_64 1.34.2 5.69 23.58 29.27 OK
r-patched-solaris-x86 1.34.2 55.20 OK
r-release-linux-x86_64 1.34.2 5.01 23.28 28.29 OK
r-release-macos-arm64 1.34.2 OK
r-release-macos-x86_64 1.34.2 OK
r-release-windows-ix86+x86_64 1.34.2 10.00 31.00 41.00 OK
r-oldrel-macos-x86_64 1.34.2 OK
r-oldrel-windows-ix86+x86_64 1.34.2 10.00 32.00 42.00 OK

Check Details

Version: 1.34.2
Check: whether package can be installed
Result: WARN
    Found the following significant warnings:
     WARNING: installation-time patches will not be applied, could not get the patches index
Flavor: r-devel-windows-x86_64-gcc10-UCRT

Version: 1.34.2
Check: PDF version of manual
Result: WARN
    LaTeX errors when creating PDF version.
    This typically indicates Rd problems.
Flavor: r-devel-windows-x86_64-gcc10-UCRT

Version: 1.34.2
Check: PDF version of manual without hyperrefs or index
Result: ERROR
    Re-running with no redirection of stdout/stderr.
Flavor: r-devel-windows-x86_64-gcc10-UCRT