CRAN Package Check Results for Package caesar

Last updated on 2021-06-13 19:49:28 CEST.

Flavor Version Tinstall Tcheck Ttotal Status Flags
r-devel-linux-x86_64-debian-clang 1.1.0 2.02 24.48 26.50 NOTE
r-devel-linux-x86_64-debian-gcc 1.1.0 1.58 19.86 21.44 NOTE
r-devel-linux-x86_64-fedora-clang 1.1.0 41.50 NOTE
r-devel-linux-x86_64-fedora-gcc 1.1.0 31.27 NOTE
r-devel-windows-x86_64 1.1.0 5.00 47.00 52.00 NOTE
r-devel-windows-x86_64-gcc10-UCRT 1.1.0 NOTE
r-patched-linux-x86_64 1.1.0 1.83 24.07 25.90 NOTE
r-patched-solaris-x86 1.1.0 50.70 NOTE
r-release-linux-x86_64 1.1.0 1.83 24.16 25.99 NOTE
r-release-macos-arm64 1.1.0 NOTE
r-release-macos-x86_64 1.1.0 NOTE
r-release-windows-ix86+x86_64 1.1.0 4.00 41.00 45.00 NOTE
r-oldrel-macos-x86_64 1.1.0 OK
r-oldrel-windows-ix86+x86_64 1.1.0 4.00 42.00 46.00 OK

Check Details

Version: 1.1.0
Check: LazyData
Result: NOTE
     'LazyData' is specified without a 'data' directory
Flavors: r-devel-linux-x86_64-debian-clang, r-devel-linux-x86_64-debian-gcc, r-devel-linux-x86_64-fedora-clang, r-devel-linux-x86_64-fedora-gcc, r-devel-windows-x86_64, r-devel-windows-x86_64-gcc10-UCRT, r-patched-linux-x86_64, r-patched-solaris-x86, r-release-linux-x86_64, r-release-macos-arm64, r-release-macos-x86_64, r-release-windows-ix86+x86_64