CRAN Package Check Results for Package caRecall

Last updated on 2022-08-12 07:53:10 CEST.

Flavor Version Tinstall Tcheck Ttotal Status Flags
r-devel-linux-x86_64-debian-clang 0.1.0 2.50 28.87 31.37 NOTE
r-devel-linux-x86_64-debian-gcc 0.1.0 1.95 22.32 24.27 NOTE
r-devel-linux-x86_64-fedora-clang 0.1.0 47.89 NOTE
r-devel-linux-x86_64-fedora-gcc 0.1.0 49.23 NOTE
r-devel-windows-x86_64 0.1.0 19.00 56.00 75.00 NOTE
r-patched-linux-x86_64 0.1.0 2.55 28.22 30.77 NOTE
r-release-linux-x86_64 0.1.0 1.95 27.29 29.24 NOTE
r-release-macos-arm64 0.1.0 17.00 NOTE
r-release-macos-x86_64 0.1.0 30.00 NOTE
r-release-windows-x86_64 0.1.0 12.00 58.00 70.00 NOTE
r-oldrel-macos-arm64 0.1.0 24.00 NOTE
r-oldrel-macos-x86_64 0.1.0 1803.00 NOTE
r-oldrel-windows-ix86+x86_64 0.1.0 6.00 47.00 53.00 NOTE

Check Details

Version: 0.1.0
Check: LazyData
Result: NOTE
     'LazyData' is specified without a 'data' directory
Flavors: r-devel-linux-x86_64-debian-clang, r-devel-linux-x86_64-debian-gcc, r-devel-linux-x86_64-fedora-clang, r-devel-linux-x86_64-fedora-gcc, r-devel-windows-x86_64, r-patched-linux-x86_64, r-release-linux-x86_64, r-release-macos-arm64, r-release-macos-x86_64, r-release-windows-x86_64, r-oldrel-macos-arm64, r-oldrel-macos-x86_64, r-oldrel-windows-ix86+x86_64