CRAN Package Check Results for Package buildmer

Last updated on 2024-06-13 00:55:08 CEST.

Flavor Version Tinstall Tcheck Ttotal Status Flags
r-devel-linux-x86_64-debian-clang 2.11 11.75 185.45 197.20 OK
r-devel-linux-x86_64-debian-gcc 2.11 0.32 1.86 2.18 ERROR
r-devel-linux-x86_64-fedora-clang 2.11 244.19 OK
r-devel-linux-x86_64-fedora-gcc 2.11 250.28 OK
r-devel-windows-x86_64 2.11 12.00 149.00 161.00 OK
r-patched-linux-x86_64 2.11 10.68 180.88 191.56 OK
r-release-linux-x86_64 2.11 8.56 180.74 189.30 OK
r-release-macos-arm64 2.11 92.00 OK
r-release-macos-x86_64 2.11 213.00 OK
r-release-windows-x86_64 2.11 12.00 153.00 165.00 OK
r-oldrel-macos-arm64 2.11 87.00 OK
r-oldrel-macos-x86_64 2.11 197.00 OK
r-oldrel-windows-x86_64 2.11 15.00 201.00 216.00 OK

Check Details

Version: 2.11
Check: package dependencies
Result: ERROR Package required but not available: ‘lme4’ Packages suggested but not available for checking: 'gamm4', 'glmertree', 'glmmTMB', 'lmerTest', 'pbkrtest', 'testthat' See section ‘The DESCRIPTION file’ in the ‘Writing R Extensions’ manual. Flavor: r-devel-linux-x86_64-debian-gcc