CRAN Package Check Results for Package btb

Last updated on 2021-06-15 23:51:10 CEST.

Flavor Version Tinstall Tcheck Ttotal Status Flags
r-devel-linux-x86_64-debian-clang 0.1.30.3 95.96 61.47 157.43 OK
r-devel-linux-x86_64-debian-gcc 0.1.30.3 59.47 46.96 106.43 OK
r-devel-linux-x86_64-fedora-clang 0.1.30.3 217.46 OK
r-devel-linux-x86_64-fedora-gcc 0.1.30.3 191.76 OK
r-devel-windows-x86_64 0.1.30.3 118.00 93.00 211.00 OK
r-devel-windows-x86_64-gcc10-UCRT 0.1.30.3 ERROR
r-patched-linux-x86_64 0.1.30.3 76.09 59.02 135.11 OK
r-patched-solaris-x86 0.1.30.3 217.50 OK
r-release-linux-x86_64 0.1.30.3 73.35 58.96 132.31 OK
r-release-macos-arm64 0.1.30.3 NOTE
r-release-macos-x86_64 0.1.30.3 OK
r-release-windows-ix86+x86_64 0.1.30.3 221.00 113.00 334.00 OK
r-oldrel-macos-x86_64 0.1.30.3 OK
r-oldrel-windows-ix86+x86_64 0.1.30.3 210.00 113.00 323.00 OK

Check Details

Version: 0.1.30.3
Check: package dependencies
Result: ERROR
    Package required but not available: 'sf'
    
    Package suggested but not available for checking: 'cartography'
    
    See section 'The DESCRIPTION file' in the 'Writing R Extensions'
    manual.
Flavor: r-devel-windows-x86_64-gcc10-UCRT

Version: 0.1.30.3
Check: package dependencies
Result: NOTE
    Package suggested but not available for checking: ‘cartography’
Flavor: r-release-macos-arm64