CRAN Package Check Results for Package bsreg

Last updated on 2022-05-28 23:55:00 CEST.

Flavor Version Tinstall Tcheck Ttotal Status Flags
r-devel-linux-x86_64-debian-clang 0.0.2 10.56 39.67 50.23 OK
r-devel-linux-x86_64-debian-gcc 0.0.2 8.73 30.37 39.10 OK
r-devel-linux-x86_64-fedora-clang 0.0.2 61.57 NOTE
r-devel-linux-x86_64-fedora-gcc 0.0.2 60.26 NOTE
r-devel-windows-x86_64 0.0.2 23.00 55.00 78.00 OK
r-patched-linux-x86_64 0.0.2 7.94 37.67 45.61 OK
r-release-linux-x86_64 0.0.2 10.58 36.94 47.52 OK
r-release-macos-arm64 0.0.2 20.00 NOTE
r-release-macos-x86_64 0.0.2 27.00 NOTE
r-release-windows-x86_64 0.0.2 23.00 55.00 78.00 OK
r-oldrel-macos-arm64 0.0.2 21.00 NOTE
r-oldrel-macos-x86_64 0.0.2 28.00 NOTE
r-oldrel-windows-ix86+x86_64 0.0.2 18.00 52.00 70.00 OK

Check Details

Version: 0.0.2
Check: dependencies in R code
Result: NOTE
    Namespaces in Imports field not imported from:
     ‘Matrix’ ‘grDevices’ ‘graphics’
     All declared Imports should be used.
Flavors: r-devel-linux-x86_64-fedora-clang, r-devel-linux-x86_64-fedora-gcc, r-release-macos-arm64, r-release-macos-x86_64, r-oldrel-macos-arm64, r-oldrel-macos-x86_64