CRAN Package Check Results for Package bsplus

Last updated on 2021-04-13 07:47:38 CEST.

Flavor Version Tinstall Tcheck Ttotal Status Flags
r-devel-linux-x86_64-debian-clang 0.1.2 4.54 41.96 46.50 NOTE
r-devel-linux-x86_64-debian-gcc 0.1.2 3.54 32.53 36.07 NOTE
r-devel-linux-x86_64-fedora-clang 0.1.2 63.85 NOTE
r-devel-linux-x86_64-fedora-gcc 0.1.2 53.49 NOTE
r-devel-windows-ix86+x86_64 0.1.2 9.00 60.00 69.00 NOTE
r-devel-windows-x86_64-gcc10-UCRT 0.1.2 NOTE
r-patched-linux-x86_64 0.1.2 4.58 39.84 44.42 OK
r-patched-solaris-x86 0.1.2 82.70 NOTE
r-release-linux-x86_64 0.1.2 4.25 39.82 44.07 OK
r-release-macos-x86_64 0.1.2 NOTE
r-release-windows-ix86+x86_64 0.1.2 8.00 65.00 73.00 OK
r-oldrel-macos-x86_64 0.1.2 NOTE
r-oldrel-windows-ix86+x86_64 0.1.2 8.00 43.00 51.00 OK

Check Details

Version: 0.1.2
Check: LazyData
Result: NOTE
     'LazyData' is specified without a 'data' directory
Flavors: r-devel-linux-x86_64-debian-clang, r-devel-linux-x86_64-debian-gcc, r-devel-linux-x86_64-fedora-clang, r-devel-linux-x86_64-fedora-gcc, r-devel-windows-ix86+x86_64, r-devel-windows-x86_64-gcc10-UCRT

Version: 0.1.2
Check: dependencies in R code
Result: NOTE
    Namespace in Imports field not imported from: ‘methods’
     All declared Imports should be used.
Flavors: r-devel-linux-x86_64-fedora-clang, r-devel-linux-x86_64-fedora-gcc, r-devel-windows-x86_64-gcc10-UCRT, r-patched-solaris-x86, r-release-macos-x86_64, r-oldrel-macos-x86_64