CRAN Package Check Results for Package brxx

Last updated on 2021-06-15 23:51:10 CEST.

Flavor Version Tinstall Tcheck Ttotal Status Flags
r-devel-linux-x86_64-debian-clang 0.1.2 18.06 176.56 194.62 NOTE
r-devel-linux-x86_64-debian-gcc 0.1.2 15.18 127.60 142.78 NOTE
r-devel-linux-x86_64-fedora-clang 0.1.2 243.92 NOTE
r-devel-linux-x86_64-fedora-gcc 0.1.2 244.15 NOTE
r-devel-windows-x86_64 0.1.2 31.00 206.00 237.00 NOTE
r-devel-windows-x86_64-gcc10-UCRT 0.1.2 NOTE
r-patched-linux-x86_64 0.1.2 18.29 162.94 181.23 NOTE
r-patched-solaris-x86 0.1.2 323.00 NOTE
r-release-linux-x86_64 0.1.2 17.33 162.68 180.01 NOTE
r-release-macos-arm64 0.1.2 NOTE
r-release-macos-x86_64 0.1.2 NOTE
r-release-windows-ix86+x86_64 0.1.2 47.00 209.00 256.00 NOTE
r-oldrel-macos-x86_64 0.1.2 OK
r-oldrel-windows-ix86+x86_64 0.1.2 45.00 208.00 253.00 OK

Check Details

Version: 0.1.2
Check: LazyData
Result: NOTE
     'LazyData' is specified without a 'data' directory
Flavors: r-devel-linux-x86_64-debian-clang, r-devel-linux-x86_64-debian-gcc, r-devel-linux-x86_64-fedora-clang, r-devel-linux-x86_64-fedora-gcc, r-devel-windows-x86_64, r-devel-windows-x86_64-gcc10-UCRT, r-patched-linux-x86_64, r-patched-solaris-x86, r-release-linux-x86_64, r-release-macos-arm64, r-release-macos-x86_64, r-release-windows-ix86+x86_64