CRAN Package Check Results for Package brxx

Last updated on 2024-04-18 12:52:39 CEST.

Flavor Version Tinstall Tcheck Ttotal Status Flags
r-devel-linux-x86_64-debian-clang 0.1.2 42.97 221.36 264.33 NOTE
r-devel-linux-x86_64-debian-gcc 0.1.2 32.80 163.00 195.80 NOTE
r-devel-linux-x86_64-fedora-clang 0.1.2 349.73 NOTE
r-devel-linux-x86_64-fedora-gcc 0.1.2 321.43 NOTE
r-prerel-macos-arm64 0.1.2 82.00 NOTE
r-prerel-windows-x86_64 0.1.2 22.00 152.00 174.00 NOTE
r-patched-linux-x86_64 0.1.2 26.91 216.22 243.13 NOTE
r-release-linux-x86_64 0.1.2 28.68 222.35 251.03 NOTE
r-release-macos-arm64 0.1.2 75.00 NOTE
r-release-macos-x86_64 0.1.2 127.00 NOTE
r-release-windows-x86_64 0.1.2 30.00 202.00 232.00 NOTE
r-oldrel-macos-arm64 0.1.2 76.00 NOTE
r-oldrel-windows-x86_64 0.1.2 33.00 196.00 229.00 NOTE

Check Details

Version: 0.1.2
Check: LazyData
Result: NOTE 'LazyData' is specified without a 'data' directory Flavors: r-devel-linux-x86_64-debian-clang, r-devel-linux-x86_64-debian-gcc, r-devel-linux-x86_64-fedora-clang, r-devel-linux-x86_64-fedora-gcc, r-prerel-macos-arm64, r-prerel-windows-x86_64, r-patched-linux-x86_64, r-release-linux-x86_64, r-release-macos-arm64, r-release-macos-x86_64, r-release-windows-x86_64, r-oldrel-macos-arm64, r-oldrel-windows-x86_64