CRAN Package Check Results for Package broom.mixed

Last updated on 2021-05-07 19:49:10 CEST.

Flavor Version Tinstall Tcheck Ttotal Status Flags
r-devel-linux-x86_64-debian-clang 0.2.6 12.26 194.56 206.82 NOTE
r-devel-linux-x86_64-debian-gcc 0.2.6 10.52 141.84 152.36 NOTE
r-devel-linux-x86_64-fedora-clang 0.2.6 255.75 NOTE
r-devel-linux-x86_64-fedora-gcc 0.2.6 248.21 NOTE
r-devel-windows-ix86+x86_64 0.2.6 28.00 228.00 256.00 NOTE
r-devel-windows-x86_64-gcc10-UCRT 0.2.6 NOTE
r-patched-linux-x86_64 0.2.6 13.55 181.27 194.82 NOTE
r-patched-solaris-x86 0.2.6 352.60 NOTE
r-release-linux-x86_64 0.2.6 10.64 179.54 190.18 NOTE
r-release-macos-x86_64 0.2.6 NOTE
r-release-windows-ix86+x86_64 0.2.6 19.00 171.00 190.00 NOTE
r-oldrel-macos-x86_64 0.2.6 NOTE
r-oldrel-windows-ix86+x86_64 0.2.6 25.00 216.00 241.00 NOTE

Check Details

Version: 0.2.6
Check: package dependencies
Result: NOTE
    Package suggested but not available for checking: 'glmmADMB'
Flavors: r-devel-linux-x86_64-debian-clang, r-devel-linux-x86_64-debian-gcc, r-devel-linux-x86_64-fedora-clang, r-devel-linux-x86_64-fedora-gcc, r-devel-windows-ix86+x86_64, r-devel-windows-x86_64-gcc10-UCRT, r-patched-linux-x86_64, r-patched-solaris-x86, r-release-linux-x86_64, r-release-macos-x86_64, r-release-windows-ix86+x86_64, r-oldrel-macos-x86_64, r-oldrel-windows-ix86+x86_64