CRAN Package Check Results for Package broom

Last updated on 2024-07-23 00:54:23 CEST.

Flavor Version Tinstall Tcheck Ttotal Status Flags
r-devel-linux-x86_64-debian-clang 1.0.6 19.41 350.51 369.92 OK
r-devel-linux-x86_64-debian-gcc 1.0.6 11.11 256.28 267.39 NOTE
r-devel-linux-x86_64-fedora-clang 1.0.6 466.34 OK
r-devel-linux-x86_64-fedora-gcc 1.0.6 425.15 OK
r-devel-windows-x86_64 1.0.6 20.00 382.00 402.00 NOTE
r-patched-linux-x86_64 1.0.6 26.78 333.43 360.21 OK
r-release-linux-x86_64 1.0.6 9.70 320.78 330.48 OK
r-release-macos-arm64 1.0.6 124.00 OK
r-release-macos-x86_64 1.0.6 195.00 OK
r-release-windows-x86_64 1.0.6 16.00 405.00 421.00 OK
r-oldrel-macos-arm64 1.0.6 133.00 OK
r-oldrel-macos-x86_64 1.0.6 355.00 OK
r-oldrel-windows-x86_64 1.0.6 23.00 497.00 520.00 OK

Check Details

Version: 1.0.6
Check: Rd cross-references
Result: NOTE Found the following Rd file(s) with Rd \link{} targets missing package anchors: glance.survfit.Rd: summary.survfit Please provide package anchors for all Rd \link{} targets not in the package itself and the base packages. Flavors: r-devel-linux-x86_64-debian-gcc, r-devel-windows-x86_64