CRAN Package Check Results for Package broom

Last updated on 2021-05-14 19:49:58 CEST.

Flavor Version Tinstall Tcheck Ttotal Status Flags
r-devel-linux-x86_64-debian-clang 0.7.6 14.02 260.43 274.45 OK
r-devel-linux-x86_64-debian-gcc 0.7.6 11.05 194.79 205.84 OK
r-devel-linux-x86_64-fedora-clang 0.7.6 337.13 OK
r-devel-linux-x86_64-fedora-gcc 0.7.6 221.58 OK
r-devel-windows-ix86+x86_64 0.7.6 28.00 288.00 316.00 OK
r-devel-windows-x86_64-gcc10-UCRT 0.7.6 OK
r-patched-linux-x86_64 0.7.6 22.40 243.20 265.60 OK
r-patched-solaris-x86 0.7.6 384.30 OK
r-release-linux-x86_64 0.7.6 12.21 245.19 257.40 OK
r-release-macos-x86_64 0.7.6 OK
r-release-windows-ix86+x86_64 0.7.6 19.00 365.00 384.00 OK
r-oldrel-macos-x86_64 0.7.6 NOTE
r-oldrel-windows-ix86+x86_64 0.7.6 18.00 396.00 414.00 OK

Check Details

Version: 0.7.6
Check: dependencies in R code
Result: NOTE
    No protocol specified
    No protocol specified
Flavor: r-oldrel-macos-x86_64