CRAN Package Check Results for Package breathteststan

Last updated on 2024-07-20 11:49:03 CEST.

Flavor Version Tinstall Tcheck Ttotal Status Flags
r-devel-linux-x86_64-debian-clang 0.8.5 179.33 191.50 370.83 NOTE
r-devel-linux-x86_64-debian-gcc 0.8.5 138.56 158.48 297.04 NOTE
r-devel-linux-x86_64-fedora-clang 0.8.5 481.05 NOTE
r-devel-linux-x86_64-fedora-gcc 0.8.5 557.22 NOTE
r-devel-windows-x86_64 0.8.5 136.00 186.00 322.00 NOTE
r-patched-linux-x86_64 0.8.5 128.37 210.37 338.74 NOTE
r-release-linux-x86_64 0.8.5 142.39 207.74 350.13 NOTE
r-release-macos-arm64 0.8.5 121.00 NOTE
r-release-macos-x86_64 0.8.5 162.00 NOTE
r-release-windows-x86_64 0.8.5 139.00 185.00 324.00 NOTE
r-oldrel-macos-arm64 0.8.5 105.00 NOTE
r-oldrel-macos-x86_64 0.8.5 213.00 NOTE
r-oldrel-windows-x86_64 0.8.5 182.00 217.00 399.00 NOTE

Check Details

Version: 0.8.5
Check: for GNU extensions in Makefiles
Result: NOTE GNU make is a SystemRequirements. Flavors: r-devel-linux-x86_64-debian-clang, r-devel-linux-x86_64-debian-gcc, r-devel-linux-x86_64-fedora-clang, r-devel-linux-x86_64-fedora-gcc, r-devel-windows-x86_64, r-patched-linux-x86_64, r-release-linux-x86_64, r-release-macos-arm64, r-release-macos-x86_64, r-release-windows-x86_64, r-oldrel-macos-arm64, r-oldrel-macos-x86_64, r-oldrel-windows-x86_64

Version: 0.8.5
Check: installed package size
Result: NOTE installed size is 45.2Mb sub-directories of 1Mb or more: libs 44.9Mb Flavors: r-release-macos-arm64, r-release-macos-x86_64, r-oldrel-macos-arm64, r-oldrel-macos-x86_64