CRAN Package Check Results for Package bootstrapFP

Last updated on 2021-09-21 15:50:40 CEST.

Flavor Version Tinstall Tcheck Ttotal Status Flags
r-devel-linux-x86_64-debian-clang 0.4.4 2.92 25.47 28.39 NOTE
r-devel-linux-x86_64-debian-gcc 0.4.4 2.25 20.05 22.30 NOTE
r-devel-linux-x86_64-fedora-clang 0.4.4 42.45 NOTE
r-devel-linux-x86_64-fedora-gcc 0.4.4 31.94 NOTE
r-devel-windows-x86_64 0.4.4 5.00 29.00 34.00 NOTE
r-devel-windows-x86_64-gcc10-UCRT 0.4.4 ERROR
r-patched-linux-x86_64 0.4.4 2.94 24.67 27.61 NOTE
r-patched-solaris-x86 0.4.4 48.90 NOTE
r-release-linux-x86_64 0.4.4 2.83 24.65 27.48 NOTE
r-release-macos-arm64 0.4.4 NOTE
r-release-macos-x86_64 0.4.4 NOTE
r-release-windows-ix86+x86_64 0.4.4 6.00 34.00 40.00 NOTE
r-oldrel-macos-x86_64 0.4.4 OK
r-oldrel-windows-ix86+x86_64 0.4.4 7.00 33.00 40.00 OK

Check Details

Version: 0.4.4
Check: LazyData
Result: NOTE
     'LazyData' is specified without a 'data' directory
Flavors: r-devel-linux-x86_64-debian-clang, r-devel-linux-x86_64-debian-gcc, r-devel-linux-x86_64-fedora-clang, r-devel-linux-x86_64-fedora-gcc, r-devel-windows-x86_64, r-devel-windows-x86_64-gcc10-UCRT, r-patched-linux-x86_64, r-patched-solaris-x86, r-release-linux-x86_64, r-release-macos-arm64, r-release-macos-x86_64, r-release-windows-ix86+x86_64

Version: 0.4.4
Check: whether package can be installed
Result: WARN
    Found the following significant warnings:
     WARNING: installation-time patches will not be applied, could not get the patches index
Flavor: r-devel-windows-x86_64-gcc10-UCRT

Version: 0.4.4
Check: PDF version of manual
Result: WARN
    LaTeX errors when creating PDF version.
    This typically indicates Rd problems.
Flavor: r-devel-windows-x86_64-gcc10-UCRT

Version: 0.4.4
Check: PDF version of manual without hyperrefs or index
Result: ERROR
    Re-running with no redirection of stdout/stderr.
Flavor: r-devel-windows-x86_64-gcc10-UCRT