CRAN Package Check Results for Package bootGOF

Last updated on 2022-01-21 19:48:29 CET.

Flavor Version Tinstall Tcheck Ttotal Status Flags
r-devel-linux-x86_64-debian-clang 0.1.0 10.60 45.91 56.51 OK
r-devel-linux-x86_64-debian-gcc 0.1.0 11.35 35.98 47.33 OK
r-devel-linux-x86_64-fedora-clang 0.1.0 75.40 NOTE
r-devel-linux-x86_64-fedora-gcc 0.1.0 63.66 NOTE
r-devel-windows-x86_64-new-UL 0.1.0 38.00 75.00 113.00 OK
r-devel-windows-x86_64-new-TK 0.1.0 NOTE
r-patched-linux-x86_64 0.1.0 14.60 45.38 59.98 OK
r-release-linux-x86_64 0.1.0 8.27 45.92 54.19 OK
r-release-macos-arm64 0.1.0 NOTE
r-release-macos-x86_64 0.1.0 NOTE
r-release-windows-ix86+x86_64 0.1.0 20.00 57.00 77.00 OK
r-oldrel-macos-x86_64 0.1.0 NOTE
r-oldrel-windows-ix86+x86_64 0.1.0 19.00 58.00 77.00 OK

Check Details

Version: 0.1.0
Check: dependencies in R code
Result: NOTE
    Namespace in Imports field not imported from: ‘R6’
     All declared Imports should be used.
Flavors: r-devel-linux-x86_64-fedora-clang, r-devel-linux-x86_64-fedora-gcc, r-devel-windows-x86_64-new-TK, r-release-macos-arm64, r-release-macos-x86_64, r-oldrel-macos-x86_64