CRAN Package Check Results for Package bnstruct

Last updated on 2021-04-12 07:46:59 CEST.

Flavor Version Tinstall Tcheck Ttotal Status Flags
r-devel-linux-x86_64-debian-clang 1.0.9 24.78 143.81 168.59 OK
r-devel-linux-x86_64-debian-gcc 1.0.9 17.18 113.38 130.56 OK
r-devel-linux-x86_64-fedora-clang 1.0.9 214.06 OK
r-devel-linux-x86_64-fedora-gcc 1.0.9 201.93 OK
r-devel-windows-ix86+x86_64 1.0.9 43.00 223.00 266.00 OK
r-devel-windows-x86_64-gcc10-UCRT 1.0.9 NOTE
r-patched-linux-x86_64 1.0.9 21.21 140.20 161.41 OK
r-patched-solaris-x86 1.0.9 285.60 OK
r-release-linux-x86_64 1.0.9 18.65 140.79 159.44 OK
r-release-macos-x86_64 1.0.9 OK
r-release-windows-ix86+x86_64 1.0.9 32.00 233.00 265.00 OK
r-oldrel-macos-x86_64 1.0.9 OK
r-oldrel-windows-ix86+x86_64 1.0.9 38.00 162.00 200.00 OK

Check Details

Version: 1.0.9
Check: package dependencies
Result: NOTE
    Package suggested but not available for checking: 'Rgraphviz'
Flavor: r-devel-windows-x86_64-gcc10-UCRT