CRAN Package Check Results for Package bnspatial

Last updated on 2021-04-14 23:47:05 CEST.

Flavor Version Tinstall Tcheck Ttotal Status Flags
r-devel-linux-x86_64-debian-clang 1.1.1 3.76 86.64 90.40 OK
r-devel-linux-x86_64-debian-gcc 1.1.1 3.34 65.01 68.35 OK
r-devel-linux-x86_64-fedora-clang 1.1.1 118.50 OK
r-devel-linux-x86_64-fedora-gcc 1.1.1 106.79 OK
r-devel-windows-ix86+x86_64 1.1.1 8.00 120.00 128.00 OK
r-devel-windows-x86_64-gcc10-UCRT 1.1.1 ERROR
r-patched-linux-x86_64 1.1.1 3.56 84.94 88.50 OK
r-patched-solaris-x86 1.1.1 157.90 OK
r-release-linux-x86_64 1.1.1 3.07 84.54 87.61 OK
r-release-macos-x86_64 1.1.1 OK
r-release-windows-ix86+x86_64 1.1.1 24.00 122.00 146.00 OK
r-oldrel-macos-x86_64 1.1.1 OK
r-oldrel-windows-ix86+x86_64 1.1.1 6.00 82.00 88.00 OK

Check Details

Version: 1.1.1
Check: package dependencies
Result: ERROR
    Packages required but not available: 'gRbase', 'gRain'
    
    See section 'The DESCRIPTION file' in the 'Writing R Extensions'
    manual.
Flavor: r-devel-windows-x86_64-gcc10-UCRT