Last updated on 2021-03-01 15:47:24 CET.
Flavor | Version | Tinstall | Tcheck | Ttotal | Status | Flags |
---|---|---|---|---|---|---|
r-devel-linux-x86_64-debian-clang | 1.0 | NOTE | ||||
r-devel-linux-x86_64-debian-gcc | 1.0 | 1.74 | 45.97 | 47.71 | NOTE | |
r-devel-linux-x86_64-fedora-clang | 1.0 | 88.04 | NOTE | |||
r-devel-linux-x86_64-fedora-gcc | 1.0 | 77.60 | NOTE | |||
r-devel-windows-ix86+x86_64 | 1.0 | 4.00 | 72.00 | 76.00 | NOTE | |
r-patched-linux-x86_64 | 1.0 | 2.18 | 61.27 | 63.45 | NOTE | |
r-patched-solaris-x86 | 1.0 | 108.90 | NOTE | |||
r-release-linux-x86_64 | 1.0 | 2.23 | 62.33 | 64.56 | NOTE | |
r-release-macos-x86_64 | 1.0 | NOTE | ||||
r-release-windows-ix86+x86_64 | 1.0 | 14.00 | 89.00 | 103.00 | NOTE | |
r-oldrel-macos-x86_64 | 1.0 | NOTE | ||||
r-oldrel-windows-ix86+x86_64 | 1.0 | 3.00 | 83.00 | 86.00 | NOTE |
Version: 1.0
Check: R code for possible problems
Result: NOTE
bnlr: no visible global function definition for 'dnorm'
bnlr: no visible global function definition for 'runif'
chainsum : <anonymous>: no visible global function definition for
'quantile'
infocrit: no visible global function definition for 'dnorm'
Undefined global functions or variables:
dnorm quantile runif
Consider adding
importFrom("stats", "dnorm", "quantile", "runif")
to your NAMESPACE file.
Flavors: r-devel-linux-x86_64-debian-clang, r-devel-linux-x86_64-debian-gcc, r-devel-linux-x86_64-fedora-clang, r-devel-linux-x86_64-fedora-gcc, r-devel-windows-ix86+x86_64, r-patched-linux-x86_64, r-patched-solaris-x86, r-release-linux-x86_64, r-release-macos-x86_64, r-release-windows-ix86+x86_64, r-oldrel-macos-x86_64, r-oldrel-windows-ix86+x86_64