CRAN Package Check Results for Package bmscstan

Last updated on 2021-06-14 11:52:45 CEST.

Flavor Version Tinstall Tcheck Ttotal Status Flags
r-devel-linux-x86_64-debian-clang 1.1.0 11.14 94.05 105.19 OK
r-devel-linux-x86_64-debian-gcc 1.1.0 8.35 69.81 78.16 OK
r-devel-linux-x86_64-fedora-clang 1.1.0 131.89 NOTE
r-devel-linux-x86_64-fedora-gcc 1.1.0 122.80 NOTE
r-devel-windows-x86_64 1.1.0 18.00 123.00 141.00 OK
r-devel-windows-x86_64-gcc10-UCRT 1.1.0 NOTE
r-patched-linux-x86_64 1.1.0 11.08 87.75 98.83 OK
r-patched-solaris-x86 1.1.0 171.40 NOTE
r-release-linux-x86_64 1.1.0 10.29 87.40 97.69 OK
r-release-macos-arm64 1.1.0 NOTE
r-release-macos-x86_64 1.1.0 NOTE
r-release-windows-ix86+x86_64 1.1.0 26.00 124.00 150.00 OK
r-oldrel-macos-x86_64 1.1.0 NOTE
r-oldrel-windows-ix86+x86_64 1.1.0 30.00 133.00 163.00 OK

Check Details

Version: 1.1.0
Check: dependencies in R code
Result: NOTE
    Namespace in Imports field not imported from: ‘coda’
     All declared Imports should be used.
Flavors: r-devel-linux-x86_64-fedora-clang, r-devel-linux-x86_64-fedora-gcc, r-devel-windows-x86_64-gcc10-UCRT, r-patched-solaris-x86, r-release-macos-arm64, r-release-macos-x86_64, r-oldrel-macos-x86_64