Last updated on 2022-05-25 11:51:00 CEST.
Flavor | Version | Tinstall | Tcheck | Ttotal | Status | Flags |
---|---|---|---|---|---|---|
r-devel-linux-x86_64-debian-clang | 2.0.2 | 80.94 | 203.02 | 283.96 | WARN | |
r-devel-linux-x86_64-debian-gcc | 2.0.2 | 63.06 | 149.25 | 212.31 | NOTE | |
r-devel-linux-x86_64-fedora-clang | 2.0.2 | 374.99 | WARN | |||
r-devel-linux-x86_64-fedora-gcc | 2.0.2 | 344.09 | NOTE | |||
r-devel-windows-x86_64 | 2.0.2 | 79.00 | 237.00 | 316.00 | NOTE | |
r-patched-linux-x86_64 | 2.0.2 | 70.95 | 190.25 | 261.20 | NOTE | |
r-release-linux-x86_64 | 2.0.2 | NOTE | ||||
r-release-macos-arm64 | 2.0.2 | 83.00 | NOTE | |||
r-release-macos-x86_64 | 2.0.2 | 123.00 | NOTE | |||
r-release-windows-x86_64 | 2.0.2 | 79.00 | 231.00 | 310.00 | NOTE | |
r-oldrel-macos-arm64 | 2.0.2 | 97.00 | NOTE | |||
r-oldrel-macos-x86_64 | 2.0.2 | 180.00 | NOTE | |||
r-oldrel-windows-ix86+x86_64 | 2.0.2 | 178.00 | 410.00 | 588.00 | NOTE |
Version: 2.0.2
Check: whether package can be installed
Result: WARN
Found the following significant warnings:
node_pos_all.cpp:670:55: warning: use of bitwise '&' with boolean operands [-Wbitwise-instead-of-logical]
node_pos_contribution.cpp:348:55: warning: use of bitwise '&' with boolean operands [-Wbitwise-instead-of-logical]
node_pos_motifweights.cpp:352:55: warning: use of bitwise '&' with boolean operands [-Wbitwise-instead-of-logical]
node_pos_nodeweights.cpp:329:55: warning: use of bitwise '&' with boolean operands [-Wbitwise-instead-of-logical]
node_pos_stouffer.cpp:421:55: warning: use of bitwise '&' with boolean operands [-Wbitwise-instead-of-logical]
sd.cpp:283:55: warning: use of bitwise '&' with boolean operands [-Wbitwise-instead-of-logical]
Flavors: r-devel-linux-x86_64-debian-clang, r-devel-linux-x86_64-fedora-clang
Version: 2.0.2
Check: LazyData
Result: NOTE
'LazyData' is specified without a 'data' directory
Flavors: r-devel-linux-x86_64-debian-clang, r-devel-linux-x86_64-debian-gcc, r-devel-linux-x86_64-fedora-clang, r-devel-linux-x86_64-fedora-gcc, r-devel-windows-x86_64, r-patched-linux-x86_64, r-release-linux-x86_64, r-release-macos-arm64, r-release-macos-x86_64, r-release-windows-x86_64, r-oldrel-macos-arm64, r-oldrel-macos-x86_64, r-oldrel-windows-ix86+x86_64
Version: 2.0.2
Check: installed package size
Result: NOTE
installed size is 5.7Mb
sub-directories of 1Mb or more:
libs 3.5Mb
Flavors: r-release-macos-x86_64, r-oldrel-macos-arm64