Last updated on 2021-01-23 11:48:08 CET.
Flavor | Version | Tinstall | Tcheck | Ttotal | Status | Flags |
---|---|---|---|---|---|---|
r-devel-linux-x86_64-debian-clang | 1.0.0 | 1109.15 | 146.50 | 1255.65 | NOTE | |
r-devel-linux-x86_64-debian-gcc | 1.0.0 | 918.42 | 144.06 | 1062.48 | NOTE | |
r-devel-linux-x86_64-fedora-clang | 1.0.0 | 1737.99 | NOTE | |||
r-devel-linux-x86_64-fedora-gcc | 1.0.0 | 1822.47 | NOTE | |||
r-devel-windows-ix86+x86_64 | 1.0.0 | 2247.00 | 333.00 | 2580.00 | NOTE | |
r-patched-linux-x86_64 | 1.0.0 | 793.27 | 180.48 | 973.75 | NOTE | |
r-patched-solaris-x86 | 1.0.0 | 1589.50 | NOTE | |||
r-release-linux-x86_64 | 1.0.0 | 661.93 | 179.08 | 841.01 | NOTE | |
r-release-macos-x86_64 | 1.0.0 | ERROR | ||||
r-release-windows-ix86+x86_64 | 1.0.0 | 2216.00 | 334.00 | 2550.00 | NOTE | |
r-oldrel-macos-x86_64 | 1.0.0 | NOTE | ||||
r-oldrel-windows-ix86+x86_64 | 1.0.0 | 1754.00 | 281.00 | 2035.00 | NOTE |
Version: 1.0.0
Check: for GNU extensions in Makefiles
Result: NOTE
GNU make is a SystemRequirements.
Flavors: r-devel-linux-x86_64-debian-clang, r-devel-linux-x86_64-debian-gcc, r-devel-linux-x86_64-fedora-clang, r-devel-linux-x86_64-fedora-gcc, r-devel-windows-ix86+x86_64, r-patched-linux-x86_64, r-patched-solaris-x86, r-release-linux-x86_64, r-release-windows-ix86+x86_64, r-oldrel-macos-x86_64, r-oldrel-windows-ix86+x86_64
Version: 1.0.0
Check: installed package size
Result: NOTE
installed size is 177.9Mb
sub-directories of 1Mb or more:
libs 177.2Mb
Flavors: r-devel-linux-x86_64-fedora-clang, r-devel-windows-ix86+x86_64, r-patched-solaris-x86, r-release-windows-ix86+x86_64, r-oldrel-macos-x86_64, r-oldrel-windows-ix86+x86_64
Version: 1.0.0
Check: package dependencies
Result: ERROR
Package required and available but unsuitable version: ‘rstan’
See section ‘The DESCRIPTION file’ in the ‘Writing R Extensions’
manual.
Flavor: r-release-macos-x86_64