CRAN Package Check Results for Package bmabasket

Last updated on 2024-06-13 16:49:01 CEST.

Flavor Version Tinstall Tcheck Ttotal Status Flags
r-devel-linux-x86_64-debian-clang 0.1.2 55.97 32.19 88.16 NOTE
r-devel-linux-x86_64-debian-gcc 0.1.2 36.62 24.48 61.10 NOTE
r-devel-linux-x86_64-fedora-clang 0.1.2 120.42 NOTE
r-devel-linux-x86_64-fedora-gcc 0.1.2 125.22 NOTE
r-devel-windows-x86_64 0.1.2 41.00 63.00 104.00 NOTE
r-patched-linux-x86_64 0.1.2 38.28 32.45 70.73 NOTE
r-release-linux-x86_64 0.1.2 42.85 31.15 74.00 NOTE
r-release-macos-arm64 0.1.2 30.00 NOTE
r-release-macos-x86_64 0.1.2 36.00 NOTE
r-release-windows-x86_64 0.1.2 41.00 70.00 111.00 NOTE
r-oldrel-macos-arm64 0.1.2 32.00 NOTE
r-oldrel-macos-x86_64 0.1.2 54.00 NOTE
r-oldrel-windows-x86_64 0.1.2 50.00 73.00 123.00 NOTE

Check Details

Version: 0.1.2
Check: C++ specification
Result: NOTE Specified C++11: please drop specification unless essential Flavors: r-devel-linux-x86_64-debian-clang, r-devel-linux-x86_64-debian-gcc, r-devel-linux-x86_64-fedora-clang, r-devel-linux-x86_64-fedora-gcc, r-devel-windows-x86_64, r-patched-linux-x86_64, r-release-linux-x86_64, r-release-macos-arm64, r-release-macos-x86_64, r-release-windows-x86_64, r-oldrel-macos-arm64, r-oldrel-macos-x86_64, r-oldrel-windows-x86_64