CRAN Package Check Results for Package bltm

Last updated on 2021-04-20 19:53:09 CEST.

Flavor Version Tinstall Tcheck Ttotal Status Flags
r-devel-linux-x86_64-debian-clang 0.1.0 2.28 23.89 26.17 NOTE
r-devel-linux-x86_64-debian-gcc 0.1.0 1.73 18.92 20.65 NOTE
r-devel-linux-x86_64-fedora-clang 0.1.0 41.95 NOTE
r-devel-linux-x86_64-fedora-gcc 0.1.0 32.29 NOTE
r-devel-windows-ix86+x86_64 0.1.0 5.00 31.00 36.00 NOTE
r-devel-windows-x86_64-gcc10-UCRT 0.1.0 NOTE
r-patched-linux-x86_64 0.1.0 2.67 23.04 25.71 OK
r-patched-solaris-x86 0.1.0 50.80 OK
r-release-linux-x86_64 0.1.0 2.05 22.84 24.89 OK
r-release-macos-x86_64 0.1.0 OK
r-release-windows-ix86+x86_64 0.1.0 6.00 40.00 46.00 OK
r-oldrel-macos-x86_64 0.1.0 OK
r-oldrel-windows-ix86+x86_64 0.1.0 4.00 37.00 41.00 OK

Check Details

Version: 0.1.0
Check: LazyData
Result: NOTE
     'LazyData' is specified without a 'data' directory
Flavors: r-devel-linux-x86_64-debian-clang, r-devel-linux-x86_64-debian-gcc, r-devel-linux-x86_64-fedora-clang, r-devel-linux-x86_64-fedora-gcc, r-devel-windows-ix86+x86_64, r-devel-windows-x86_64-gcc10-UCRT