CRAN Package Check Results for Package blockTools

Last updated on 2021-06-15 23:51:10 CEST.

Flavor Version Tinstall Tcheck Ttotal Status Flags
r-devel-linux-x86_64-debian-clang 0.6-3 7.98 55.83 63.81 NOTE
r-devel-linux-x86_64-debian-gcc 0.6-3 5.74 42.38 48.12 NOTE
r-devel-linux-x86_64-fedora-clang 0.6-3 83.18 NOTE
r-devel-linux-x86_64-fedora-gcc 0.6-3 72.87 NOTE
r-devel-windows-x86_64 0.6-3 12.00 77.00 89.00 OK
r-devel-windows-x86_64-gcc10-UCRT 0.6-3 OK
r-patched-linux-x86_64 0.6-3 7.82 52.74 60.56 NOTE
r-patched-solaris-x86 0.6-3 100.30 NOTE
r-release-linux-x86_64 0.6-3 7.80 53.06 60.86 NOTE
r-release-macos-arm64 0.6-3 OK
r-release-macos-x86_64 0.6-3 OK
r-release-windows-ix86+x86_64 0.6-3 18.00 98.00 116.00 OK
r-oldrel-macos-x86_64 0.6-3 OK
r-oldrel-windows-ix86+x86_64 0.6-3 27.00 100.00 127.00 OK

Check Details

Version: 0.6-3
Check: for non-standard things in the check directory
Result: NOTE
    Found the following files/directories:
     'Groupa.csv' 'Groupa.tex' 'Groupb.csv' 'Groupb.tex' 'Groupc.csv'
     'Groupc.tex' 'file1.csv' 'file1.tex' 'file2.csv' 'file2.tex'
     'file3.csv' 'file3.tex'
Flavors: r-devel-linux-x86_64-debian-clang, r-devel-linux-x86_64-debian-gcc, r-devel-linux-x86_64-fedora-clang, r-devel-linux-x86_64-fedora-gcc, r-patched-linux-x86_64, r-patched-solaris-x86, r-release-linux-x86_64

Version: 0.6-3
Check: compiled code
Result: NOTE
    File ‘blockTools/libs/blockTools.so’:
     Found no calls to: ‘R_registerRoutines’, ‘R_useDynamicSymbols’
    
    It is good practice to register native routines and to disable symbol
    search.
    
    See ‘Writing portable packages’ in the ‘Writing R Extensions’ manual.
Flavors: r-devel-linux-x86_64-fedora-clang, r-devel-linux-x86_64-fedora-gcc