CRAN Package Check Results for Package bliss

Last updated on 2021-09-21 07:49:55 CEST.

Flavor Version Tinstall Tcheck Ttotal Status Flags
r-devel-linux-x86_64-debian-clang 1.0.2 55.72 182.91 238.63 OK
r-devel-linux-x86_64-debian-gcc 1.0.2 42.99 138.60 181.59 OK
r-devel-linux-x86_64-fedora-clang 1.0.2 308.99 NOTE
r-devel-linux-x86_64-fedora-gcc 1.0.2 289.63 OK
r-devel-windows-x86_64 1.0.2 54.00 193.00 247.00 NOTE
r-devel-windows-x86_64-gcc10-UCRT 1.0.2 ERROR
r-patched-linux-x86_64 1.0.2 50.72 176.72 227.44 OK
r-patched-solaris-x86 1.0.2 464.30 OK
r-release-linux-x86_64 1.0.2 47.97 176.63 224.60 OK
r-release-macos-arm64 1.0.2 NOTE
r-release-macos-x86_64 1.0.2 NOTE
r-release-windows-ix86+x86_64 1.0.2 119.00 250.00 369.00 NOTE
r-oldrel-macos-x86_64 1.0.2 NOTE
r-oldrel-windows-ix86+x86_64 1.0.2 121.00 289.00 410.00 NOTE

Check Details

Version: 1.0.2
Check: installed package size
Result: NOTE
     installed size is 7.4Mb
     sub-directories of 1Mb or more:
     data 3.5Mb
     libs 3.0Mb
Flavors: r-devel-linux-x86_64-fedora-clang, r-devel-windows-x86_64, r-release-macos-arm64, r-release-macos-x86_64, r-release-windows-ix86+x86_64, r-oldrel-macos-x86_64, r-oldrel-windows-ix86+x86_64

Version: 1.0.2
Check: whether package can be installed
Result: ERROR
    Installation failed.
Flavor: r-devel-windows-x86_64-gcc10-UCRT