CRAN Package Check Results for Package bizdays

Last updated on 2021-01-20 03:48:00 CET.

Flavor Version Tinstall Tcheck Ttotal Status Flags
r-devel-linux-x86_64-debian-clang 1.0.6 4.72 53.19 57.91 OK
r-devel-linux-x86_64-debian-gcc 1.0.6 4.29 40.69 44.98 OK
r-devel-linux-x86_64-fedora-clang 1.0.6 79.63 NOTE
r-devel-linux-x86_64-fedora-gcc 1.0.6 70.76 NOTE
r-devel-windows-ix86+x86_64 1.0.6 9.00 92.00 101.00 OK
r-patched-linux-x86_64 1.0.6 4.81 51.99 56.80 OK
r-patched-solaris-x86 1.0.6 102.00 NOTE
r-release-linux-x86_64 1.0.6 4.27 52.22 56.49 OK
r-release-macos-x86_64 1.0.6 OK
r-release-windows-ix86+x86_64 1.0.6 12.00 78.00 90.00 OK
r-oldrel-macos-x86_64 1.0.6 OK
r-oldrel-windows-ix86+x86_64 1.0.6 8.00 75.00 83.00 OK

Check Details

Version: 1.0.6
Check: package dependencies
Result: NOTE
    Package suggested but not available for checking: ‘RQuantLib’
Flavors: r-devel-linux-x86_64-fedora-clang, r-devel-linux-x86_64-fedora-gcc, r-patched-solaris-x86