CRAN Package Check Results for Package bitsqueezr

Last updated on 2021-06-17 15:48:59 CEST.

Flavor Version Tinstall Tcheck Ttotal Status Flags
r-devel-linux-x86_64-debian-clang 0.1.1 2.46 23.65 26.11 NOTE
r-devel-linux-x86_64-debian-gcc 0.1.1 1.57 18.68 20.25 NOTE
r-devel-linux-x86_64-fedora-clang 0.1.1 40.61 NOTE
r-devel-linux-x86_64-fedora-gcc 0.1.1 30.18 NOTE
r-devel-windows-x86_64 0.1.1 5.00 34.00 39.00 NOTE
r-devel-windows-x86_64-gcc10-UCRT 0.1.1 NOTE
r-patched-linux-x86_64 0.1.1 1.98 23.10 25.08 NOTE
r-patched-solaris-x86 0.1.1 48.00 NOTE
r-release-linux-x86_64 0.1.1 1.98 23.10 25.08 NOTE
r-release-macos-arm64 0.1.1 NOTE
r-release-macos-x86_64 0.1.1 NOTE
r-release-windows-ix86+x86_64 0.1.1 7.00 48.00 55.00 NOTE
r-oldrel-macos-x86_64 0.1.1 OK
r-oldrel-windows-ix86+x86_64 0.1.1 7.00 51.00 58.00 OK

Check Details

Version: 0.1.1
Check: LazyData
Result: NOTE
     'LazyData' is specified without a 'data' directory
Flavors: r-devel-linux-x86_64-debian-clang, r-devel-linux-x86_64-debian-gcc, r-devel-linux-x86_64-fedora-clang, r-devel-linux-x86_64-fedora-gcc, r-devel-windows-x86_64, r-devel-windows-x86_64-gcc10-UCRT, r-patched-linux-x86_64, r-patched-solaris-x86, r-release-linux-x86_64, r-release-macos-arm64, r-release-macos-x86_64, r-release-windows-ix86+x86_64