CRAN Package Check Results for Package bit

Last updated on 2021-06-21 15:49:49 CEST.

Flavor Version Tinstall Tcheck Ttotal Status Flags
r-devel-linux-x86_64-debian-clang 4.0.4 15.70 245.53 261.23 OK
r-devel-linux-x86_64-debian-gcc 4.0.4 8.47 197.54 206.01 OK
r-devel-linux-x86_64-fedora-clang 4.0.4 244.47 OK
r-devel-linux-x86_64-fedora-gcc 4.0.4 231.37 OK
r-devel-windows-x86_64 4.0.4 20.00 489.00 509.00 OK
r-devel-windows-x86_64-gcc10-UCRT 4.0.4 OK
r-patched-linux-x86_64 4.0.4 12.54 241.37 253.91 OK
r-patched-solaris-x86 4.0.4 396.00 OK
r-release-linux-x86_64 4.0.4 11.09 237.82 248.91 OK
r-release-macos-arm64 4.0.4 OK
r-release-macos-x86_64 4.0.4 WARN
r-release-windows-ix86+x86_64 4.0.4 34.00 549.00 583.00 OK
r-oldrel-macos-x86_64 4.0.4 OK

Check Details

Version: 4.0.4
Check: re-building of vignette outputs
Result: WARN
    Error(s) in re-building vignettes:
    --- re-building ‘bit-demo.Rmd’ using rmarkdown
    Warning in engine$weave(file, quiet = quiet, encoding = enc) :
     Pandoc (>= 1.12.3) not available. Falling back to R Markdown v1.
    Error: processing vignette 'bit-demo.Rmd' failed with diagnostics:
    there is no package called 'stringi'
    --- failed re-building ‘bit-demo.Rmd’
    
    --- re-building ‘bit-performance.Rmd’ using rmarkdown
    Warning in engine$weave(file, quiet = quiet, encoding = enc) :
     Pandoc (>= 1.12.3) not available. Falling back to R Markdown v1.
    Error: processing vignette 'bit-performance.Rmd' failed with diagnostics:
    there is no package called 'stringi'
    --- failed re-building ‘bit-performance.Rmd’
    
    --- re-building ‘bit-usage.Rmd’ using rmarkdown
    Warning in engine$weave(file, quiet = quiet, encoding = enc) :
     Pandoc (>= 1.12.3) not available. Falling back to R Markdown v1.
    Error: processing vignette 'bit-usage.Rmd' failed with diagnostics:
    there is no package called 'stringi'
    --- failed re-building ‘bit-usage.Rmd’
    
    SUMMARY: processing the following files failed:
     ‘bit-demo.Rmd’ ‘bit-performance.Rmd’ ‘bit-usage.Rmd’
    
    Error: Vignette re-building failed.
    Execution halted
Flavor: r-release-macos-x86_64