CRAN Package Check Results for Package bispdep

Last updated on 2024-07-25 11:47:00 CEST.

Flavor Version Tinstall Tcheck Ttotal Status Flags
r-devel-linux-x86_64-debian-clang 1.0-0 9.28 118.59 127.87 OK
r-devel-linux-x86_64-debian-gcc 1.0-0 8.52 89.94 98.46 NOTE
r-devel-linux-x86_64-fedora-clang 1.0-0 165.29 OK
r-devel-linux-x86_64-fedora-gcc 1.0-0 153.79 OK
r-devel-windows-x86_64 1.0-0 11.00 105.00 116.00 NOTE
r-patched-linux-x86_64 1.0-0 OK
r-release-linux-x86_64 1.0-0 11.52 114.07 125.59 OK
r-release-macos-arm64 1.0-0 45.00 OK
r-release-macos-x86_64 1.0-0 70.00 OK
r-release-windows-x86_64 1.0-0 11.00 105.00 116.00 OK
r-oldrel-macos-arm64 1.0-0 58.00 OK
r-oldrel-macos-x86_64 1.0-0 91.00 OK
r-oldrel-windows-x86_64 1.0-0 14.00 128.00 142.00 OK

Check Details

Version: 1.0-0
Check: Rd cross-references
Result: NOTE Found the following Rd file(s) with Rd \link{} targets missing package anchors: connectivity.map.Rd: poly2nb, knn2nb, graph2nb gearybi.test.Rd: listw2U localmoran.bi.Rd: localG moranbi.test.Rd: moran, moran.mc, listw2U moranbir.test.Rd: listw2U spcorrelogram.bi.Rd: nblag Please provide package anchors for all Rd \link{} targets not in the package itself and the base packages. Flavors: r-devel-linux-x86_64-debian-gcc, r-devel-windows-x86_64