CRAN Package Check Results for Package bioseq

Last updated on 2021-03-01 07:48:24 CET.

Flavor Version Tinstall Tcheck Ttotal Status Flags
r-devel-linux-x86_64-debian-clang 0.1.2 OK
r-devel-linux-x86_64-debian-gcc 0.1.2 3.81 41.40 45.21 OK
r-devel-linux-x86_64-fedora-clang 0.1.2 78.74 NOTE
r-devel-linux-x86_64-fedora-gcc 0.1.2 68.91 OK
r-devel-windows-ix86+x86_64 0.1.2 7.00 58.00 65.00 OK
r-patched-linux-x86_64 0.1.2 4.97 52.53 57.50 OK
r-patched-solaris-x86 0.1.2 97.40 OK
r-release-linux-x86_64 0.1.2 4.38 51.93 56.31 OK
r-release-macos-x86_64 0.1.2 OK
r-release-windows-ix86+x86_64 0.1.2 10.00 87.00 97.00 OK
r-oldrel-macos-x86_64 0.1.2 OK
r-oldrel-windows-ix86+x86_64 0.1.2 6.00 75.00 81.00 OK

Check Details

Version: 0.1.2
Check: Rd cross-references
Result: NOTE
    Undeclared package ‘stringi’ in Rd xrefs
Flavor: r-devel-linux-x86_64-fedora-clang