CRAN Package Check Results for Package biometryassist

Last updated on 2024-07-25 00:51:52 CEST.

Flavor Version Tinstall Tcheck Ttotal Status Flags
r-devel-linux-x86_64-debian-clang 1.2.1 11.59 206.10 217.69 NOTE
r-devel-linux-x86_64-debian-gcc 1.2.1 8.47 155.29 163.76 NOTE
r-devel-linux-x86_64-fedora-clang 1.2.1 272.13 NOTE
r-devel-linux-x86_64-fedora-gcc 1.2.1 280.92 NOTE
r-devel-windows-x86_64 1.2.1 13.00 134.00 147.00 NOTE
r-patched-linux-x86_64 1.2.1 13.02 203.73 216.75 NOTE
r-release-linux-x86_64 1.2.1 9.93 196.00 205.93 NOTE
r-release-macos-arm64 1.2.1 82.00 NOTE
r-release-macos-x86_64 1.2.1 214.00 NOTE
r-release-windows-x86_64 1.2.1 12.00 133.00 145.00 NOTE
r-oldrel-macos-arm64 1.2.1 81.00 ERROR
r-oldrel-macos-x86_64 1.2.1 169.00 ERROR
r-oldrel-windows-x86_64 1.2.1 16.00 167.00 183.00 NOTE

Check Details

Version: 1.2.1
Check: package dependencies
Result: NOTE Package which this enhances but not available for checking: ‘asreml’ Flavors: r-devel-linux-x86_64-debian-clang, r-devel-linux-x86_64-debian-gcc, r-devel-linux-x86_64-fedora-clang, r-devel-linux-x86_64-fedora-gcc, r-devel-windows-x86_64, r-patched-linux-x86_64, r-release-linux-x86_64, r-release-macos-arm64, r-release-macos-x86_64, r-release-windows-x86_64, r-oldrel-macos-arm64, r-oldrel-macos-x86_64, r-oldrel-windows-x86_64

Version: 1.2.1
Check: Rd cross-references
Result: NOTE Found the following Rd file(s) with Rd \link{} targets missing package anchors: heat_map.Rd: facet_wrap Please provide package anchors for all Rd \link{} targets not in the package itself and the base packages. Flavors: r-devel-linux-x86_64-debian-gcc, r-devel-windows-x86_64

Version: 1.2.1
Check: running R code from vignettes
Result: ERROR Errors in running code in vignettes: when running code in ‘installing-asreml-r.Rmd’ ... > knitr::opts_chunk$set(collapse = TRUE, comment = "#>", + eval = FALSE) > install.packages("biometryassist") Installing package into ‘/Volumes/Builds/packages/big-sur-arm64/results/4.3/biometryassist.Rcheck’ (as ‘lib’ is unspecified) When sourcing ‘installing-asreml-r.R’: Error: trying to use CRAN without setting a mirror Execution halted ‘installing-asreml-r.Rmd’ using ‘UTF-8’... failed Flavor: r-oldrel-macos-arm64

Version: 1.2.1
Check: running R code from vignettes
Result: ERROR Errors in running code in vignettes: when running code in ‘installing-asreml-r.Rmd’ ... > knitr::opts_chunk$set(collapse = TRUE, comment = "#>", + eval = FALSE) > install.packages("biometryassist") Installing package into ‘/Volumes/Builds/packages/big-sur-x86_64/results/4.3/biometryassist.Rcheck’ (as ‘lib’ is unspecified) When sourcing ‘installing-asreml-r.R’: Error: trying to use CRAN without setting a mirror Execution halted ‘installing-asreml-r.Rmd’ using ‘UTF-8’... failed Flavor: r-oldrel-macos-x86_64