CRAN Package Check Results for Package biogram

Last updated on 2024-06-23 20:50:52 CEST.

Flavor Version Tinstall Tcheck Ttotal Status Flags
r-devel-linux-x86_64-debian-clang 1.6.3 4.17 84.89 89.06 NOTE
r-devel-linux-x86_64-debian-gcc 1.6.3 4.26 59.28 63.54 NOTE
r-devel-linux-x86_64-fedora-clang 1.6.3 106.28 NOTE
r-devel-linux-x86_64-fedora-gcc 1.6.3 119.41 NOTE
r-devel-windows-x86_64 1.6.3 5.00 89.00 94.00 NOTE
r-patched-linux-x86_64 1.6.3 5.47 78.59 84.06 NOTE
r-release-linux-x86_64 1.6.3 4.91 81.94 86.85 NOTE
r-release-macos-arm64 1.6.3 43.00 NOTE
r-release-macos-x86_64 1.6.3 73.00 NOTE
r-release-windows-x86_64 1.6.3 6.00 91.00 97.00 NOTE
r-oldrel-macos-arm64 1.6.3 42.00 OK
r-oldrel-macos-x86_64 1.6.3 65.00 OK
r-oldrel-windows-x86_64 1.6.3 7.00 101.00 108.00 OK

Check Details

Version: 1.6.3
Check: Rd files
Result: NOTE checkRd: (-1) calc_ed.Rd:14: Lost braces; missing escapes or markup? 14 | of groups or less than \code{a}. Both \code{a} and {b} must have the the same | ^ checkRd: (-1) calc_pi.Rd:14: Lost braces; missing escapes or markup? 14 | of groups or less than \code{a}. Both \code{a} and {b} must have the the same | ^ checkRd: (-1) calc_si.Rd:14: Lost braces; missing escapes or markup? 14 | of groups or less than \code{a}. Both \code{a} and {b} must have the the same | ^ checkRd: (-1) cluster_reg_exp.Rd:15: Lost braces in \itemize; \value handles \item{}{} directly checkRd: (-1) cluster_reg_exp.Rd:16: Lost braces in \itemize; \value handles \item{}{} directly checkRd: (-1) cluster_reg_exp.Rd:17: Lost braces in \itemize; \value handles \item{}{} directly checkRd: (-1) cluster_reg_exp.Rd:18: Lost braces in \itemize; \value handles \item{}{} directly Flavors: r-devel-linux-x86_64-debian-clang, r-devel-linux-x86_64-debian-gcc, r-devel-linux-x86_64-fedora-clang, r-devel-linux-x86_64-fedora-gcc, r-devel-windows-x86_64, r-patched-linux-x86_64, r-release-linux-x86_64, r-release-macos-arm64, r-release-macos-x86_64, r-release-windows-x86_64

Version: 1.6.3
Check: Rd cross-references
Result: NOTE Undeclared package ‘seqinr’ in Rd xrefs Flavor: r-devel-linux-x86_64-fedora-clang