CRAN Package Check Results for Package biogram

Last updated on 2021-09-20 15:52:32 CEST.

Flavor Version Tinstall Tcheck Ttotal Status Flags
r-devel-linux-x86_64-debian-clang 1.6.3 4.41 63.35 67.76 OK
r-devel-linux-x86_64-debian-gcc 1.6.3 3.80 48.19 51.99 OK
r-devel-linux-x86_64-fedora-clang 1.6.3 89.27 NOTE
r-devel-linux-x86_64-fedora-gcc 1.6.3 80.38 OK
r-devel-windows-x86_64 1.6.3 7.00 64.00 71.00 OK
r-devel-windows-x86_64-gcc10-UCRT 1.6.3 ERROR
r-patched-linux-x86_64 1.6.3 6.66 56.33 62.99 OK
r-patched-solaris-x86 1.6.3 112.50 OK
r-release-linux-x86_64 1.6.3 5.30 56.30 61.60 OK
r-release-macos-arm64 1.6.3 OK
r-release-macos-x86_64 1.6.3 OK
r-release-windows-ix86+x86_64 1.6.3 9.00 81.00 90.00 OK
r-oldrel-macos-x86_64 1.6.3 OK
r-oldrel-windows-ix86+x86_64 1.6.3 10.00 84.00 94.00 OK

Check Details

Version: 1.6.3
Check: Rd cross-references
Result: NOTE
    Undeclared package ‘seqinr’ in Rd xrefs
Flavor: r-devel-linux-x86_64-fedora-clang

Version: 1.6.3
Check: whether package can be installed
Result: WARN
    Found the following significant warnings:
     WARNING: installation-time patches will not be applied, could not get the patches index
Flavor: r-devel-windows-x86_64-gcc10-UCRT

Version: 1.6.3
Check: PDF version of manual
Result: WARN
    LaTeX errors when creating PDF version.
    This typically indicates Rd problems.
Flavor: r-devel-windows-x86_64-gcc10-UCRT

Version: 1.6.3
Check: PDF version of manual without hyperrefs or index
Result: ERROR
    Re-running with no redirection of stdout/stderr.
Flavor: r-devel-windows-x86_64-gcc10-UCRT