CRAN Package Check Results for Package binomialMix

Last updated on 2021-02-28 11:51:47 CET.

Flavor Version Tinstall Tcheck Ttotal Status Flags
r-devel-linux-x86_64-debian-clang 1.0.1 4.37 182.88 187.25 OK
r-devel-linux-x86_64-debian-gcc 1.0.1 3.04 144.28 147.32 OK
r-devel-linux-x86_64-fedora-clang 1.0.1 223.83 NOTE
r-devel-linux-x86_64-fedora-gcc 1.0.1 222.00 NOTE
r-devel-windows-ix86+x86_64 1.0.1 8.00 172.00 180.00 OK
r-patched-linux-x86_64 1.0.1 4.38 173.21 177.59 OK
r-patched-solaris-x86 1.0.1 374.80 NOTE
r-release-linux-x86_64 1.0.1 4.63 172.80 177.43 OK
r-release-macos-x86_64 1.0.1 NOTE
r-release-windows-ix86+x86_64 1.0.1 12.00 251.00 263.00 OK
r-oldrel-macos-x86_64 1.0.1 NOTE
r-oldrel-windows-ix86+x86_64 1.0.1 7.00 228.00 235.00 OK

Check Details

Version: 1.0.1
Check: dependencies in R code
Result: NOTE
    Namespace in Imports field not imported from: ‘lubridate’
     All declared Imports should be used.
Flavors: r-devel-linux-x86_64-fedora-clang, r-devel-linux-x86_64-fedora-gcc, r-patched-solaris-x86, r-release-macos-x86_64, r-oldrel-macos-x86_64