CRAN Package Check Results for Package binom

Last updated on 2022-06-28 19:54:54 CEST.

Flavor Version Tinstall Tcheck Ttotal Status Flags
r-devel-linux-x86_64-debian-clang 1.1-1.1 3.99 46.44 50.43 OK
r-devel-linux-x86_64-debian-gcc 1.1-1.1 3.75 35.22 38.97 OK
r-devel-linux-x86_64-fedora-clang 1.1-1.1 71.39 NOTE
r-devel-linux-x86_64-fedora-gcc 1.1-1.1 70.78 NOTE
r-devel-windows-x86_64 1.1-1.1 15.00 69.00 84.00 OK
r-patched-linux-x86_64 1.1-1.1 5.52 44.04 49.56 OK
r-release-linux-x86_64 1.1-1.1 5.05 44.76 49.81 OK
r-release-macos-arm64 1.1-1.1 31.00 OK
r-release-macos-x86_64 1.1-1.1 32.00 OK
r-release-windows-x86_64 1.1-1.1 26.00 73.00 99.00 OK
r-oldrel-macos-arm64 1.1-1.1 31.00 OK
r-oldrel-macos-x86_64 1.1-1.1 29.00 OK
r-oldrel-windows-ix86+x86_64 1.1-1.1 11.00 80.00 91.00 OK

Check Details

Version: 1.1-1.1
Check: compiled code
Result: NOTE
    File ‘binom/libs/binom.so’:
     Found no calls to: ‘R_registerRoutines’, ‘R_useDynamicSymbols’
    
    It is good practice to register native routines and to disable symbol
    search.
    
    See ‘Writing portable packages’ in the ‘Writing R Extensions’ manual.
Flavors: r-devel-linux-x86_64-fedora-clang, r-devel-linux-x86_64-fedora-gcc