CRAN Package Check Results for Package binGroup2

Last updated on 2021-06-22 11:49:44 CEST.

Flavor Version Tinstall Tcheck Ttotal Status Flags
r-devel-linux-x86_64-debian-clang 1.1.0 80.98 171.49 252.47 OK
r-devel-linux-x86_64-debian-gcc 1.1.0 62.63 119.56 182.19 OK
r-devel-linux-x86_64-fedora-clang 1.1.0 321.75 OK
r-devel-linux-x86_64-fedora-gcc 1.1.0 307.99 OK
r-devel-windows-x86_64 1.1.0 107.00 186.00 293.00 OK
r-devel-windows-x86_64-gcc10-UCRT 1.1.0 OK
r-patched-linux-x86_64 1.1.0 72.49 160.19 232.68 OK
r-patched-solaris-x86 1.1.0 327.00 OK
r-release-linux-x86_64 1.1.0 67.78 160.33 228.11 OK
r-release-macos-arm64 1.1.0 NOTE
r-release-macos-x86_64 1.1.0 OK
r-release-windows-ix86+x86_64 1.1.0 181.00 249.00 430.00 OK
r-oldrel-macos-x86_64 1.1.0 NOTE

Check Details

Version: 1.1.0
Check: installed package size
Result: NOTE
     installed size is 7.5Mb
     sub-directories of 1Mb or more:
     libs 6.5Mb
Flavors: r-release-macos-arm64, r-oldrel-macos-x86_64