Last updated on 2021-03-06 23:48:24 CET.
Flavor | Version | Tinstall | Tcheck | Ttotal | Status | Flags |
---|---|---|---|---|---|---|
r-devel-linux-x86_64-debian-clang | 1.3.1 | 236.25 | 248.05 | 484.30 | OK | |
r-devel-linux-x86_64-debian-gcc | 1.3.1 | 152.67 | 182.67 | 335.34 | OK | |
r-devel-linux-x86_64-fedora-clang | 1.3.1 | 631.58 | NOTE | |||
r-devel-linux-x86_64-fedora-gcc | 1.3.1 | 573.27 | OK | |||
r-devel-windows-ix86+x86_64 | 1.3.1 | 617.00 | 612.00 | 1229.00 | NOTE | |
r-patched-linux-x86_64 | 1.3.1 | 186.22 | 237.39 | 423.61 | OK | |
r-patched-solaris-x86 | 1.3.1 | 704.10 | OK | |||
r-release-linux-x86_64 | 1.3.1 | 180.06 | 236.34 | 416.40 | OK | |
r-release-macos-x86_64 | 1.3.1 | NOTE | ||||
r-release-windows-ix86+x86_64 | 1.3.1 | 456.00 | 469.00 | 925.00 | NOTE | |
r-oldrel-macos-x86_64 | 1.3.1 | NOTE | ||||
r-oldrel-windows-ix86+x86_64 | 1.3.1 | 390.00 | 430.00 | 820.00 | NOTE |
Version: 1.3.1
Check: installed package size
Result: NOTE
installed size is 14.8Mb
sub-directories of 1Mb or more:
extdata 2.3Mb
libs 11.9Mb
Flavors: r-devel-linux-x86_64-fedora-clang, r-devel-windows-ix86+x86_64, r-release-macos-x86_64, r-release-windows-ix86+x86_64, r-oldrel-macos-x86_64, r-oldrel-windows-ix86+x86_64