CRAN Package Check Results for Package bigassertr

Last updated on 2024-06-13 12:49:25 CEST.

Flavor Version Tinstall Tcheck Ttotal Status Flags
r-devel-linux-x86_64-debian-clang 0.1.6 1.86 24.71 26.57 OK
r-devel-linux-x86_64-debian-gcc 0.1.6 1.56 18.04 19.60 ERROR
r-devel-linux-x86_64-fedora-clang 0.1.6 34.49 OK
r-devel-linux-x86_64-fedora-gcc 0.1.6 33.17 OK
r-devel-windows-x86_64 0.1.6 2.00 45.00 47.00 OK
r-patched-linux-x86_64 0.1.6 2.20 24.65 26.85 OK
r-release-linux-x86_64 0.1.6 1.57 24.63 26.20 OK
r-release-macos-arm64 0.1.6 16.00 OK
r-release-macos-x86_64 0.1.6 33.00 OK
r-release-windows-x86_64 0.1.6 4.00 46.00 50.00 OK
r-oldrel-macos-arm64 0.1.6 16.00 OK
r-oldrel-macos-x86_64 0.1.6 21.00 OK
r-oldrel-windows-x86_64 0.1.6 4.00 46.00 50.00 OK

Check Details

Version: 0.1.6
Check: package dependencies
Result: NOTE Package suggested but not available for checking: ‘testthat’ Flavor: r-devel-linux-x86_64-debian-gcc

Version: 0.1.6
Check: tests
Result: ERROR Running ‘testthat.R’ [0s/0s] Running the tests in ‘tests/testthat.R’ failed. Complete output: > library(testthat) Error in library(testthat) : there is no package called 'testthat' Execution halted Flavor: r-devel-linux-x86_64-debian-gcc