CRAN Package Check Results for Package biblionetwork

Last updated on 2021-06-22 11:49:44 CEST.

Flavor Version Tinstall Tcheck Ttotal Status Flags
r-devel-linux-x86_64-debian-clang 0.1.0 3.11 42.58 45.69 OK
r-devel-linux-x86_64-debian-gcc 0.1.0 2.48 34.64 37.12 OK
r-devel-linux-x86_64-fedora-clang 0.1.0 60.56 NOTE
r-devel-linux-x86_64-fedora-gcc 0.1.0 49.03 NOTE
r-devel-windows-x86_64 0.1.0 6.00 50.00 56.00 OK
r-devel-windows-x86_64-gcc10-UCRT 0.1.0 NOTE
r-patched-linux-x86_64 0.1.0 3.19 39.39 42.58 OK
r-patched-solaris-x86 0.1.0 71.50 NOTE
r-release-linux-x86_64 0.1.0 2.85 39.29 42.14 OK
r-release-macos-arm64 0.1.0 NOTE
r-release-macos-x86_64 0.1.0 NOTE
r-release-windows-ix86+x86_64 0.1.0 7.00 54.00 61.00 OK
r-oldrel-macos-x86_64 0.1.0 NOTE

Check Details

Version: 0.1.0
Check: data for non-ASCII characters
Result: NOTE
     Note: found 99 marked UTF-8 strings
Flavors: r-devel-linux-x86_64-fedora-clang, r-devel-linux-x86_64-fedora-gcc, r-devel-windows-x86_64-gcc10-UCRT, r-patched-solaris-x86, r-release-macos-arm64, r-release-macos-x86_64, r-oldrel-macos-x86_64