CRAN Package Check Results for Package bgmfiles

Last updated on 2021-09-22 15:51:10 CEST.

Flavor Version Tinstall Tcheck Ttotal Status Flags
r-devel-linux-x86_64-debian-clang 0.0.6 2.07 21.63 23.70 OK
r-devel-linux-x86_64-debian-gcc 0.0.6 1.57 17.34 18.91 OK
r-devel-linux-x86_64-fedora-clang 0.0.6 37.58 OK
r-devel-linux-x86_64-fedora-gcc 0.0.6 27.08 OK
r-devel-windows-x86_64 0.0.6 3.00 25.00 28.00 OK
r-devel-windows-x86_64-gcc10-UCRT 0.0.6 ERROR
r-patched-linux-x86_64 0.0.6 2.06 20.99 23.05 OK
r-patched-solaris-x86 0.0.6 47.20 OK
r-release-linux-x86_64 0.0.6 2.00 21.10 23.10 OK
r-release-macos-arm64 0.0.6 OK
r-release-macos-x86_64 0.0.6 OK
r-release-windows-ix86+x86_64 0.0.6 4.00 38.00 42.00 OK
r-oldrel-macos-x86_64 0.0.6 OK
r-oldrel-windows-ix86+x86_64 0.0.6 15.00 26.00 41.00 OK

Check Details

Version: 0.0.6
Check: PDF version of manual
Result: WARN
    LaTeX errors when creating PDF version.
    This typically indicates Rd problems.
Flavor: r-devel-windows-x86_64-gcc10-UCRT

Version: 0.0.6
Check: PDF version of manual without hyperrefs or index
Result: ERROR
    Re-running with no redirection of stdout/stderr.
Flavor: r-devel-windows-x86_64-gcc10-UCRT