CRAN Package Check Results for Package beyondWhittle

Last updated on 2022-05-23 23:49:57 CEST.

Flavor Version Tinstall Tcheck Ttotal Status Flags
r-devel-linux-x86_64-debian-clang 1.1.3 145.62 182.67 328.29 OK
r-devel-linux-x86_64-debian-gcc 1.1.3 116.43 132.15 248.58 OK
r-devel-linux-x86_64-fedora-clang 1.1.3 446.31 OK
r-devel-linux-x86_64-fedora-gcc 1.1.3 413.66 OK
r-devel-windows-x86_64 1.1.3 241.00 211.00 452.00 OK
r-patched-linux-x86_64 1.1.3 126.94 171.62 298.56 OK
r-release-linux-x86_64 1.1.3 OK
r-release-macos-arm64 1.1.3 81.00 NOTE
r-release-macos-x86_64 1.1.3 201.00 NOTE
r-release-windows-x86_64 1.1.3 230.00 213.00 443.00 OK
r-oldrel-macos-arm64 1.1.3 85.00 NOTE
r-oldrel-macos-x86_64 1.1.3 131.00 NOTE
r-oldrel-windows-ix86+x86_64 1.1.3 310.00 12.00 322.00 ERROR

Check Details

Version: 1.1.3
Check: installed package size
Result: NOTE
     installed size is 5.3Mb
     sub-directories of 1Mb or more:
     libs 4.9Mb
Flavors: r-release-macos-arm64, r-release-macos-x86_64, r-oldrel-macos-arm64, r-oldrel-macos-x86_64

Version: 1.1.3
Check: whether package can be installed
Result: ERROR
    Installation failed.
Flavor: r-oldrel-windows-ix86+x86_64