Last updated on 2021-01-17 11:49:16 CET.
Flavor | Version | Tinstall | Tcheck | Ttotal | Status | Flags |
---|---|---|---|---|---|---|
r-devel-linux-x86_64-debian-clang | 3.3 | 3.98 | 29.86 | 33.84 | OK | |
r-devel-linux-x86_64-debian-gcc | 3.3 | 2.71 | 23.92 | 26.63 | OK | |
r-devel-linux-x86_64-fedora-clang | 3.3 | 50.51 | NOTE | |||
r-devel-linux-x86_64-fedora-gcc | 3.3 | 41.54 | NOTE | |||
r-devel-windows-ix86+x86_64 | 3.3 | 8.00 | 46.00 | 54.00 | OK | |
r-patched-linux-x86_64 | 3.3 | 4.43 | 28.89 | 33.32 | OK | |
r-patched-solaris-x86 | 3.3 | 61.30 | OK | |||
r-release-linux-x86_64 | 3.3 | 3.70 | 28.44 | 32.14 | OK | |
r-release-macos-x86_64 | 3.3 | OK | ||||
r-release-windows-ix86+x86_64 | 3.3 | 8.00 | 48.00 | 56.00 | OK | |
r-oldrel-macos-x86_64 | 3.3 | OK | ||||
r-oldrel-windows-ix86+x86_64 | 3.3 | 8.00 | 45.00 | 53.00 | OK |
Version: 3.3
Check: compiled code
Result: NOTE
File ‘betategarch/libs/betategarch.so’:
Found no calls to: ‘R_registerRoutines’, ‘R_useDynamicSymbols’
It is good practice to register native routines and to disable symbol
search.
See ‘Writing portable packages’ in the ‘Writing R Extensions’ manual.
Flavors: r-devel-linux-x86_64-fedora-clang, r-devel-linux-x86_64-fedora-gcc