Last updated on 2023-03-28 03:53:56 CEST.
Flavor | Version | Tinstall | Tcheck | Ttotal | Status | Flags |
---|---|---|---|---|---|---|
r-devel-linux-x86_64-debian-clang | 0.2.33 | 12.16 | 98.77 | 110.93 | OK | |
r-devel-linux-x86_64-debian-gcc | 0.2.33 | 9.03 | 73.28 | 82.31 | OK | |
r-devel-linux-x86_64-fedora-clang | 0.2.33 | 135.65 | OK | |||
r-devel-linux-x86_64-fedora-gcc | 0.2.33 | 129.93 | OK | |||
r-patched-linux-x86_64 | 0.2.33 | 21.72 | 91.54 | 113.26 | OK | |
r-release-linux-x86_64 | 0.2.33 | 10.82 | 92.63 | 103.45 | OK | |
r-release-macos-arm64 | 0.2.33 | 40.00 | OK | |||
r-release-macos-x86_64 | 0.2.33 | 54.00 | OK | |||
r-release-windows-x86_64 | 0.2.33 | 22.00 | 126.00 | 148.00 | OK | |
r-oldrel-macos-arm64 | 0.2.33 | 37.00 | OK | |||
r-oldrel-macos-x86_64 | 0.2.33 | 55.00 | OK | |||
r-oldrel-windows-ix86+x86_64 | 0.2.33 | 30.00 | 116.00 | 146.00 | NOTE |
Version: 0.2.33
Check: R code for possible problems
Result: NOTE
Initiating curl with CURL_SSL_BACKEND: openssl
Flavor: r-oldrel-windows-ix86+x86_64