CRAN Package Check Results for Package bdDwC

Last updated on 2021-05-07 11:49:21 CEST.

Flavor Version Tinstall Tcheck Ttotal Status Flags
r-devel-linux-x86_64-debian-clang 0.1.15 5.11 44.36 49.47 NOTE
r-devel-linux-x86_64-debian-gcc 0.1.15 3.86 33.71 37.57 NOTE
r-devel-linux-x86_64-fedora-clang 0.1.15 68.36 NOTE
r-devel-linux-x86_64-fedora-gcc 0.1.15 57.30 NOTE
r-devel-windows-ix86+x86_64 0.1.15 14.00 66.00 80.00 NOTE
r-devel-windows-x86_64-gcc10-UCRT 0.1.15 NOTE
r-patched-linux-x86_64 0.1.15 4.83 41.98 46.81 NOTE
r-patched-solaris-x86 0.1.15 88.30 OK
r-release-linux-x86_64 0.1.15 5.75 42.12 47.87 OK
r-release-macos-x86_64 0.1.15 OK
r-release-windows-ix86+x86_64 0.1.15 8.00 48.00 56.00 OK
r-oldrel-macos-x86_64 0.1.15 OK
r-oldrel-windows-ix86+x86_64 0.1.15 11.00 61.00 72.00 OK

Check Details

Version: 0.1.15
Check: LazyData
Result: NOTE
     'LazyData' is specified without a 'data' directory
Flavors: r-devel-linux-x86_64-debian-clang, r-devel-linux-x86_64-debian-gcc, r-devel-linux-x86_64-fedora-clang, r-devel-linux-x86_64-fedora-gcc, r-devel-windows-ix86+x86_64, r-devel-windows-x86_64-gcc10-UCRT, r-patched-linux-x86_64