CRAN Package Check Results for Package bbreg

Last updated on 2021-06-15 07:48:58 CEST.

Flavor Version Tinstall Tcheck Ttotal Status Flags
r-devel-linux-x86_64-debian-clang 2.0.1 5.87 294.23 300.10 OK
r-devel-linux-x86_64-debian-gcc 2.0.1 4.23 189.00 193.23 OK
r-devel-linux-x86_64-fedora-clang 2.0.1 340.77 NOTE
r-devel-linux-x86_64-fedora-gcc 2.0.1 341.68 OK
r-devel-windows-x86_64 2.0.1 8.00 372.00 380.00 OK
r-devel-windows-x86_64-gcc10-UCRT 2.0.1 OK
r-patched-linux-x86_64 2.0.1 6.58 278.85 285.43 OK
r-patched-solaris-x86 2.0.1 457.80 OK
r-release-linux-x86_64 2.0.1 5.64 280.50 286.14 OK
r-release-macos-arm64 2.0.1 OK
r-release-macos-x86_64 2.0.1 OK
r-release-windows-ix86+x86_64 2.0.1 9.00 371.00 380.00 OK
r-oldrel-macos-x86_64 2.0.1 OK
r-oldrel-windows-ix86+x86_64 2.0.1 8.00 414.00 422.00 OK

Check Details

Version: 2.0.1
Check: Rd cross-references
Result: NOTE
    Undeclared package ‘betareg’ in Rd xrefs
Flavor: r-devel-linux-x86_64-fedora-clang