Last updated on 2021-02-25 07:49:40 CET.
Flavor | Version | Tinstall | Tcheck | Ttotal | Status | Flags |
---|---|---|---|---|---|---|
r-devel-linux-x86_64-debian-clang | 0.8.5 | 13.06 | 93.37 | 106.43 | OK | |
r-devel-linux-x86_64-debian-gcc | 0.8.5 | 11.46 | 69.52 | 80.98 | OK | |
r-devel-linux-x86_64-fedora-clang | 0.8.5 | 137.82 | NOTE | |||
r-devel-linux-x86_64-fedora-gcc | 0.8.5 | 126.72 | NOTE | |||
r-devel-windows-ix86+x86_64 | 0.8.5 | 25.00 | 90.00 | 115.00 | OK | |
r-patched-linux-x86_64 | 0.8.5 | 15.82 | 85.69 | 101.51 | OK | |
r-patched-solaris-x86 | 0.8.5 | 177.60 | NOTE | |||
r-release-linux-x86_64 | 0.8.5 | 12.70 | 85.86 | 98.56 | OK | |
r-release-macos-x86_64 | 0.8.5 | NOTE | ||||
r-release-windows-ix86+x86_64 | 0.8.5 | 39.00 | 123.00 | 162.00 | OK | |
r-oldrel-macos-x86_64 | 0.8.5 | NOTE | ||||
r-oldrel-windows-ix86+x86_64 | 0.8.5 | 21.00 | 121.00 | 142.00 | OK |
Version: 0.8.5
Check: dependencies in R code
Result: NOTE
Namespace in Imports field not imported from: ‘dplyr’
All declared Imports should be used.
Flavors: r-devel-linux-x86_64-fedora-clang, r-devel-linux-x86_64-fedora-gcc, r-patched-solaris-x86, r-release-macos-x86_64, r-oldrel-macos-x86_64