CRAN Package Check Results for Package bayesrules

Last updated on 2021-12-09 07:50:05 CET.

Flavor Version Tinstall Tcheck Ttotal Status Flags
r-devel-linux-x86_64-debian-clang 0.0.2 23.97 241.04 265.01 OK
r-devel-linux-x86_64-debian-gcc 0.0.2 22.82 178.98 201.80 OK
r-devel-linux-x86_64-fedora-clang 0.0.2 321.61 NOTE
r-devel-linux-x86_64-fedora-gcc 0.0.2 310.26 NOTE
r-devel-windows-x86_64-new-UL 0.0.2 31.00 307.00 338.00 OK
r-devel-windows-x86_64-new-TK 0.0.2 NOTE
r-devel-windows-x86_64-old 0.0.2 47.00 291.00 338.00 OK
r-patched-linux-x86_64 0.0.2 25.45 234.83 260.28 OK
r-release-linux-x86_64 0.0.2 22.54 234.95 257.49 OK
r-release-macos-arm64 0.0.2 NOTE
r-release-macos-x86_64 0.0.2 NOTE
r-release-windows-ix86+x86_64 0.0.2 44.00 288.00 332.00 OK
r-oldrel-macos-x86_64 0.0.2 NOTE
r-oldrel-windows-ix86+x86_64 0.0.2 67.00 297.00 364.00 OK

Check Details

Version: 0.0.2
Check: data for non-ASCII characters
Result: NOTE
     Note: found 1924 marked UTF-8 strings
Flavors: r-devel-linux-x86_64-fedora-clang, r-devel-linux-x86_64-fedora-gcc, r-devel-windows-x86_64-new-TK, r-release-macos-arm64, r-release-macos-x86_64, r-oldrel-macos-x86_64