CRAN Package Check Results for Package bayesrules

Last updated on 2024-06-13 00:55:07 CEST.

Flavor Version Tinstall Tcheck Ttotal Status Flags
r-devel-linux-x86_64-debian-clang 0.0.2 30.76 331.60 362.36 NOTE
r-devel-linux-x86_64-debian-gcc 0.0.2 0.41 1.74 2.15 ERROR
r-devel-linux-x86_64-fedora-clang 0.0.2 482.28 NOTE
r-devel-linux-x86_64-fedora-gcc 0.0.2 448.96 NOTE
r-devel-windows-x86_64 0.0.2 29.00 233.00 262.00 NOTE
r-patched-linux-x86_64 0.0.2 31.05 316.64 347.69 NOTE
r-release-linux-x86_64 0.0.2 39.32 300.83 340.15 NOTE
r-release-macos-arm64 0.0.2 109.00 NOTE
r-release-macos-x86_64 0.0.2 163.00 NOTE
r-release-windows-x86_64 0.0.2 29.00 234.00 263.00 NOTE
r-oldrel-macos-arm64 0.0.2 110.00 NOTE
r-oldrel-macos-x86_64 0.0.2 183.00 NOTE
r-oldrel-windows-x86_64 0.0.2 32.00 305.00 337.00 NOTE

Check Details

Version: 0.0.2
Check: package subdirectories
Result: NOTE Problems with news in ‘NEWS.md’: No news entries found. Flavors: r-devel-linux-x86_64-debian-clang, r-devel-linux-x86_64-fedora-clang, r-devel-linux-x86_64-fedora-gcc, r-devel-windows-x86_64, r-patched-linux-x86_64, r-release-linux-x86_64, r-release-macos-arm64, r-release-macos-x86_64, r-release-windows-x86_64, r-oldrel-macos-arm64, r-oldrel-macos-x86_64, r-oldrel-windows-x86_64

Version: 0.0.2
Check: Rd files
Result: NOTE checkRd: (-1) pulse_of_the_nation.Rd:10: Escaped LaTeX specials: \$ Flavors: r-devel-linux-x86_64-debian-clang, r-devel-linux-x86_64-fedora-clang, r-devel-linux-x86_64-fedora-gcc, r-devel-windows-x86_64, r-patched-linux-x86_64, r-release-linux-x86_64, r-release-macos-arm64, r-release-macos-x86_64, r-release-windows-x86_64, r-oldrel-macos-arm64, r-oldrel-macos-x86_64, r-oldrel-windows-x86_64

Version: 0.0.2
Check: package dependencies
Result: ERROR Packages required but not available: 'ggplot2', 'janitor', 'dplyr', 'purrr', 'rstanarm', 'groupdata2' See section ‘The DESCRIPTION file’ in the ‘Writing R Extensions’ manual. Flavor: r-devel-linux-x86_64-debian-gcc

Version: 0.0.2
Check: data for non-ASCII characters
Result: NOTE Note: found 1924 marked UTF-8 strings Flavors: r-devel-linux-x86_64-fedora-clang, r-devel-linux-x86_64-fedora-gcc