Last updated on 2021-01-20 03:48:00 CET.
Flavor | Version | Tinstall | Tcheck | Ttotal | Status | Flags |
---|---|---|---|---|---|---|
r-devel-linux-x86_64-debian-clang | 2.1.5 | 3.35 | 32.14 | 35.49 | OK | |
r-devel-linux-x86_64-debian-gcc | 2.1.5 | 2.28 | 25.63 | 27.91 | OK | |
r-devel-linux-x86_64-fedora-clang | 2.1.5 | 52.22 | NOTE | |||
r-devel-linux-x86_64-fedora-gcc | 2.1.5 | 42.94 | NOTE | |||
r-devel-windows-ix86+x86_64 | 2.1.5 | 8.00 | 55.00 | 63.00 | OK | |
r-patched-linux-x86_64 | 2.1.5 | 2.70 | 31.69 | 34.39 | OK | |
r-patched-solaris-x86 | 2.1.5 | 61.90 | OK | |||
r-release-linux-x86_64 | 2.1.5 | 3.12 | 31.57 | 34.69 | OK | |
r-release-macos-x86_64 | 2.1.5 | OK | ||||
r-release-windows-ix86+x86_64 | 2.1.5 | 8.00 | 74.00 | 82.00 | OK | |
r-oldrel-macos-x86_64 | 2.1.5 | OK | ||||
r-oldrel-windows-ix86+x86_64 | 2.1.5 | 5.00 | 48.00 | 53.00 | OK |
Version: 2.1.5
Check: Rd cross-references
Result: NOTE
Undeclared package ‘fGarch’ in Rd xrefs
Flavor: r-devel-linux-x86_64-fedora-clang
Version: 2.1.5
Check: compiled code
Result: NOTE
File ‘bayesGARCH/libs/bayesGARCH.so’:
Found no calls to: ‘R_registerRoutines’, ‘R_useDynamicSymbols’
It is good practice to register native routines and to disable symbol
search.
See ‘Writing portable packages’ in the ‘Writing R Extensions’ manual.
Flavors: r-devel-linux-x86_64-fedora-clang, r-devel-linux-x86_64-fedora-gcc