CRAN Package Check Results for Package bayes4psy

Last updated on 2021-02-26 11:50:46 CET.

Flavor Version Tinstall Tcheck Ttotal Status Flags
r-devel-linux-x86_64-debian-clang 1.2.5 579.56 411.41 990.97 NOTE
r-devel-linux-x86_64-debian-gcc 1.2.5 461.89 307.58 769.47 NOTE
r-devel-linux-x86_64-fedora-clang 1.2.5 1251.11 NOTE
r-devel-linux-x86_64-fedora-gcc 1.2.5 1324.20 NOTE
r-devel-windows-ix86+x86_64 1.2.5 882.00 592.00 1474.00 NOTE
r-patched-linux-x86_64 1.2.5 461.73 407.76 869.49 NOTE
r-patched-solaris-x86 1.2.5 1306.30 NOTE
r-release-linux-x86_64 1.2.5 379.81 407.90 787.71 NOTE
r-release-macos-x86_64 1.2.5 ERROR
r-release-windows-ix86+x86_64 1.2.5 921.00 584.00 1505.00 NOTE
r-oldrel-macos-x86_64 1.2.5 ERROR
r-oldrel-windows-ix86+x86_64 1.2.4 1210.00 663.00 1873.00 WARN

Check Details

Version: 1.2.5
Check: for GNU extensions in Makefiles
Result: NOTE
    GNU make is a SystemRequirements.
Flavors: r-devel-linux-x86_64-debian-clang, r-devel-linux-x86_64-debian-gcc, r-devel-linux-x86_64-fedora-clang, r-devel-linux-x86_64-fedora-gcc, r-devel-windows-ix86+x86_64, r-patched-linux-x86_64, r-patched-solaris-x86, r-release-linux-x86_64, r-release-windows-ix86+x86_64

Version: 1.2.5
Check: installed package size
Result: NOTE
     installed size is 85.1Mb
     sub-directories of 1Mb or more:
     libs 83.1Mb
Flavors: r-devel-linux-x86_64-fedora-clang, r-devel-windows-ix86+x86_64, r-patched-solaris-x86, r-release-windows-ix86+x86_64

Version: 1.2.5
Check: dependencies in R code
Result: NOTE
    Namespaces in Imports field not imported from:
     ‘scales’ ‘utils’
     All declared Imports should be used.
Flavors: r-devel-linux-x86_64-fedora-clang, r-devel-linux-x86_64-fedora-gcc, r-patched-solaris-x86

Version: 1.2.5
Check: package dependencies
Result: ERROR
    Packages required and available but unsuitable versions: 'rstan', 'rstan'
    
    See section ‘The DESCRIPTION file’ in the ‘Writing R Extensions’
    manual.
Flavor: r-release-macos-x86_64

Version: 1.2.5
Check: package dependencies
Result: ERROR
    Packages required and available but unsuitable versions:
     'methods', 'stats', 'utils'
    
    See section ‘The DESCRIPTION file’ in the ‘Writing R Extensions’
    manual.
Flavor: r-oldrel-macos-x86_64

Version: 1.2.4
Check: installed package size
Result: NOTE
     installed size is 10.4Mb
     sub-directories of 1Mb or more:
     libs 8.6Mb
Flavor: r-oldrel-windows-ix86+x86_64

Version: 1.2.4
Check: for GNU extensions in Makefiles
Result: NOTE
    GNU make is a SystemRequirements.
Flavor: r-oldrel-windows-ix86+x86_64

Version: 1.2.4
Check: re-building of vignette outputs
Result: WARN
    Error(s) in re-building vignettes:
    --- re-building 'adaptation_level.Rmd' using rmarkdown
    Loading required package: Rcpp
    
    Attaching package: 'dplyr'
    
    The following objects are masked from 'package:stats':
    
     filter, lag
    
    The following objects are masked from 'package:base':
    
     intersect, setdiff, setequal, union
    
    Quitting from lines 83-85 (adaptation_level.Rmd)
    Error: processing vignette 'adaptation_level.Rmd' failed with diagnostics:
    result would be too long a vector
    --- failed re-building 'adaptation_level.Rmd'
    
    --- re-building 'afterimages.Rmd' using rmarkdown
    Loading required package: Rcpp
    
    Attaching package: 'dplyr'
    
    The following objects are masked from 'package:stats':
    
     filter, lag
    
    The following objects are masked from 'package:base':
    
     intersect, setdiff, setequal, union
    
    --- finished re-building 'afterimages.Rmd'
    
    --- re-building 'flanker.Rmd' using rmarkdown
    Loading required package: Rcpp
    
    Attaching package: 'dplyr'
    
    The following objects are masked from 'package:stats':
    
     filter, lag
    
    The following objects are masked from 'package:base':
    
     intersect, setdiff, setequal, union
    
    --- finished re-building 'flanker.Rmd'
    
    --- re-building 'stroop.Rmd' using rmarkdown
    Loading required package: Rcpp
    Scale for 'fill' is already present. Adding another scale for 'fill', which will replace the existing scale.
    --- finished re-building 'stroop.Rmd'
    
    SUMMARY: processing the following file failed:
     'adaptation_level.Rmd'
    
    Error: Vignette re-building failed.
    Execution halted
Flavor: r-oldrel-windows-ix86+x86_64