CRAN Package Check Results for Package bama

Last updated on 2021-09-20 15:52:31 CEST.

Flavor Version Tinstall Tcheck Ttotal Status Flags
r-devel-linux-x86_64-debian-clang 1.2 63.01 44.11 107.12 OK
r-devel-linux-x86_64-debian-gcc 1.2 43.22 31.00 74.22 OK
r-devel-linux-x86_64-fedora-clang 1.2 146.75 OK
r-devel-linux-x86_64-fedora-gcc 1.2 124.60 OK
r-devel-windows-x86_64 1.2 56.00 56.00 112.00 OK
r-devel-windows-x86_64-gcc10-UCRT 1.2 ERROR
r-patched-linux-x86_64 1.2 53.44 38.22 91.66 OK
r-patched-solaris-x86 1.2 145.60 OK
r-release-linux-x86_64 1.2 51.31 38.64 89.95 OK
r-release-macos-arm64 1.2 NOTE
r-release-macos-x86_64 1.2 NOTE
r-release-windows-ix86+x86_64 1.2 139.00 90.00 229.00 OK
r-oldrel-macos-x86_64 1.2 NOTE
r-oldrel-windows-ix86+x86_64 1.2 134.00 95.00 229.00 OK

Additional issues

donttest

Check Details

Version: 1.2
Check: whether package can be installed
Result: ERROR
    Installation failed.
Flavor: r-devel-windows-x86_64-gcc10-UCRT

Version: 1.2
Check: installed package size
Result: NOTE
     installed size is 6.0Mb
     sub-directories of 1Mb or more:
     libs 5.1Mb
Flavors: r-release-macos-arm64, r-release-macos-x86_64, r-oldrel-macos-x86_64